{"id":5515,"date":"2025-07-03T20:02:46","date_gmt":"2025-07-03T20:02:46","guid":{"rendered":"https:\/\/yimamedical.com\/productos\/?post_type=product&#038;p=5515"},"modified":"2025-09-22T23:48:17","modified_gmt":"2025-09-22T23:48:17","slug":"malla-de-titanio-para-toracico-lumbar-columna-vertebral","status":"publish","type":"product","link":"https:\/\/yimamedical.com\/productos\/product\/malla-de-titanio-para-toracico-lumbar-columna-vertebral\/","title":{"rendered":"Malla de titanio para Tor\u00e1cico-Lumbar columna vertebral"},"content":{"rendered":"<p><strong><u>Caracter\u00edsticas:<\/u><\/strong><\/p>\n<ul>\n<li>Disponible en diferentes alturas para patolog\u00eda individual y condiciones anat\u00f3micas.<\/li>\n<li>Arquitectura abierta para permitir la fusi\u00f3n \u00f3sea y optimizar el crecimiento \u00f3seo.<\/li>\n<li>Anillos extremos paralelos dise\u00f1ados para restaurar la alineaci\u00f3n espinal normal y resistir el hundimiento.<\/li>\n<\/ul>\n<p><u><strong>Indicaciones:<\/strong><\/u><\/p>\n<ul>\n<li>Tor\u00e1cico-Lumbar fractura<\/li>\n<li>Tumor<\/li>\n<li>Inestabilidad de las v\u00e9rtebras cervicales<\/li>\n<li>Espondilolistesis<\/li>\n<li>Enfermedad degenerativa del disco<\/li>\n<\/ul>\n<p><strong><u><b>Juego de instrumentos<\/b>:<\/u><\/strong><\/p>\n<p>&nbsp;<\/p>\n<ul>\n<li>Juego de instrumentos de malla de titanio<\/li>\n<\/ul>\n","protected":false},"excerpt":{"rendered":"<p>La malla de titanio est\u00e1 disponible en diferentes alturas para cada patolog\u00eda y condiciones anat\u00f3micas. la arquitectura abierta para la malla de titanio permite la fusi\u00f3n \u00f3sea y optimizar el crecimiento \u00f3seo hacia el interior y sus anillos extremos paralelos para restaurar la alineaci\u00f3n espinal normal y resistir el hundimiento. Mientras tanto, la malla de titanio se utiliza para traumatismos, tumores, espondilolistesis, enfermedad degenerativa del disco de Tor\u00e1cico-Lumbar Columna vertebral.<\/p>\n","protected":false},"featured_media":5517,"comment_status":"open","ping_status":"closed","template":"","meta":[],"product_brand":[],"product_cat":[56],"product_tag":[118],"class_list":{"0":"post-5515","1":"product","2":"type-product","3":"status-publish","4":"has-post-thumbnail","6":"product_cat-ortopedia","7":"product_tag-columna","9":"first","10":"instock","11":"shipping-taxable","12":"product-type-simple"},"_links":{"self":[{"href":"https:\/\/yimamedical.com\/productos\/wp-json\/wp\/v2\/product\/5515","targetHints":{"allow":["GET"]}}],"collection":[{"href":"https:\/\/yimamedical.com\/productos\/wp-json\/wp\/v2\/product"}],"about":[{"href":"https:\/\/yimamedical.com\/productos\/wp-json\/wp\/v2\/types\/product"}],"replies":[{"embeddable":true,"href":"https:\/\/yimamedical.com\/productos\/wp-json\/wp\/v2\/comments?post=5515"}],"wp:featuredmedia":[{"embeddable":true,"href":"https:\/\/yimamedical.com\/productos\/wp-json\/wp\/v2\/media\/5517"}],"wp:attachment":[{"href":"https:\/\/yimamedical.com\/productos\/wp-json\/wp\/v2\/media?parent=5515"}],"wp:term":[{"taxonomy":"product_brand","embeddable":true,"href":"https:\/\/yimamedical.com\/productos\/wp-json\/wp\/v2\/product_brand?post=5515"},{"taxonomy":"product_cat","embeddable":true,"href":"https:\/\/yimamedical.com\/productos\/wp-json\/wp\/v2\/product_cat?post=5515"},{"taxonomy":"product_tag","embeddable":true,"href":"https:\/\/yimamedical.com\/productos\/wp-json\/wp\/v2\/product_tag?post=5515"}],"curies":[{"name":"wp","href":"https:\/\/api.w.org\/{rel}","templated":true}]}}