{"id":5556,"date":"2025-07-03T21:41:05","date_gmt":"2025-07-03T21:41:05","guid":{"rendered":"https:\/\/yimamedical.com\/productos\/?post_type=product&#038;p=5556"},"modified":"2025-09-22T23:38:27","modified_gmt":"2025-09-22T23:38:27","slug":"caja-intervertebral-cervical-con-peek-y-titanio","status":"publish","type":"product","link":"https:\/\/yimamedical.com\/productos\/product\/caja-intervertebral-cervical-con-peek-y-titanio\/","title":{"rendered":"Caja Intervertebral Cervical con PEEK y titanio"},"content":{"rendered":"<p><img decoding=\"async\" src=\"https:\/\/es.doublemedicalgp.com\/js\/htmledit\/kindeditor\/attached\/20200921\/20200921172620_60599.png\" alt=\"\" \/><\/p>\n<p><strong><u>caracteristicas:<\/u><\/strong><\/p>\n<ul>\n<li>El material PEEK &#8211; OPTIMA\u00ae es biocompatible y mucho m\u00e1s parecido al del hueso esponjoso, por lo que minimiza el riesgo de captaci\u00f3n sist\u00e9mica y reacciones inflamatorias locales.<\/li>\n<li>Estructura perforada para el crecimiento \u00f3seo hacia el interior y durante el crecimiento.<\/li>\n<li>La superficie rugosa promueve la integraci\u00f3n y el crecimiento \u00f3seo.<\/li>\n<li>La ventana axial acomoda el injerto \u00f3seo aut\u00f3geno o el sustituto del injerto \u00f3seo para permitir que se produzca la fusi\u00f3n a trav\u00e9s de la caja.<\/li>\n<li>Los marcadores de rayos X &#8211; permiten la visualizaci\u00f3n en 3D y la identificaci\u00f3n radiol\u00f3gica.<\/li>\n<li>La ranura del instrumento mecanizada con precisi\u00f3n garantiza un ajuste seguro entre el implante y el portaimplantes.<\/li>\n<li>Anclaje de dientes piramidales en las placas terminales del cuerpo vertebral adyacente, proporcionando resistencia a la migraci\u00f3n del implante y reduciendo el riesgo de expulsi\u00f3n de la caja.<\/li>\n<\/ul>\n<p><strong><u>Indicaciones:<\/u><\/strong><\/p>\n<ul>\n<li>Discos rotos y herniados<\/li>\n<li>Enfermedad degenerativa del disco e inestabilidad espinal<\/li>\n<li>Pseudoartrosis o espondilodesis fallida<\/li>\n<\/ul>\n<p><u><strong>Juego de instrumentos:<\/strong><\/u><\/p>\n<ul>\n<li>Conjunto de instrumentos de jaula cervical<\/li>\n<\/ul>\n","protected":false},"excerpt":{"rendered":"<p>La Caja Intervertebral Cervical con PEEK y titanio est\u00e1 dise\u00f1ada con dientes piramidales, ventana axial para proporcionar soluciones para discos rotos y herniados, enfermedad degenerativa del disco e inestabilidad espinal, pseudoartrosis o espondilodesis fallida.<\/p>\n","protected":false},"featured_media":5557,"comment_status":"open","ping_status":"closed","template":"","meta":[],"product_brand":[],"product_cat":[56],"product_tag":[118],"class_list":{"0":"post-5556","1":"product","2":"type-product","3":"status-publish","4":"has-post-thumbnail","6":"product_cat-ortopedia","7":"product_tag-columna","9":"first","10":"instock","11":"shipping-taxable","12":"product-type-simple"},"_links":{"self":[{"href":"https:\/\/yimamedical.com\/productos\/wp-json\/wp\/v2\/product\/5556","targetHints":{"allow":["GET"]}}],"collection":[{"href":"https:\/\/yimamedical.com\/productos\/wp-json\/wp\/v2\/product"}],"about":[{"href":"https:\/\/yimamedical.com\/productos\/wp-json\/wp\/v2\/types\/product"}],"replies":[{"embeddable":true,"href":"https:\/\/yimamedical.com\/productos\/wp-json\/wp\/v2\/comments?post=5556"}],"wp:featuredmedia":[{"embeddable":true,"href":"https:\/\/yimamedical.com\/productos\/wp-json\/wp\/v2\/media\/5557"}],"wp:attachment":[{"href":"https:\/\/yimamedical.com\/productos\/wp-json\/wp\/v2\/media?parent=5556"}],"wp:term":[{"taxonomy":"product_brand","embeddable":true,"href":"https:\/\/yimamedical.com\/productos\/wp-json\/wp\/v2\/product_brand?post=5556"},{"taxonomy":"product_cat","embeddable":true,"href":"https:\/\/yimamedical.com\/productos\/wp-json\/wp\/v2\/product_cat?post=5556"},{"taxonomy":"product_tag","embeddable":true,"href":"https:\/\/yimamedical.com\/productos\/wp-json\/wp\/v2\/product_tag?post=5556"}],"curies":[{"name":"wp","href":"https:\/\/api.w.org\/{rel}","templated":true}]}}