{"id":5567,"date":"2025-07-03T21:57:23","date_gmt":"2025-07-03T21:57:23","guid":{"rendered":"https:\/\/yimamedical.com\/productos\/?post_type=product&#038;p=5567"},"modified":"2025-09-22T23:36:09","modified_gmt":"2025-09-22T23:36:09","slug":"sistema-de-placas-de-laminoplastia-ii","status":"publish","type":"product","link":"https:\/\/yimamedical.com\/productos\/product\/sistema-de-placas-de-laminoplastia-ii\/","title":{"rendered":"Sistema de placas de laminoplastia II"},"content":{"rendered":"<p><img decoding=\"async\" src=\"https:\/\/es.doublemedicalgp.com\/js\/htmledit\/kindeditor\/attached\/20210913\/20210913133256_77355.jpg\" alt=\"\" \/><\/p>\n<p><strong><u>Caracter\u00edsticas de la placa de laminoplastia<\/u><\/strong><\/p>\n<ul>\n<li>Hecho de aleaci\u00f3n de titanio.<\/li>\n<li>Dise\u00f1o anat\u00f3mico premoldeado<\/li>\n<li>Varios tipos para diferentes opciones.<\/li>\n<\/ul>\n<p><strong><u>Placa de laminoplastia de puerta abierta<\/u><\/strong><\/p>\n<ul>\n<li>Fijaci\u00f3n m\u00e1s fiable de la placa de laminoplastia<\/li>\n<li>Dise\u00f1o de boca ancha o estrecha para l\u00e1minas de diferentes espesores<\/li>\n<li>Pata de apoyo para una mejor fijaci\u00f3n de la masa lateral<\/li>\n<\/ul>\n<p><strong><u>Dos tipos de orificios laterales<\/u><\/strong><\/p>\n<ul>\n<li>Para diferentes estructuras vertebrales<\/li>\n<\/ul>\n<p><strong><u>Placa de laminoplastia para injerto \u00f3seo<\/u><\/strong><\/p>\n<ul>\n<li>Dise\u00f1o anat\u00f3mico premoldeado<\/li>\n<li>El orificio en el medio de la placa para ajustar la posici\u00f3n de fijaci\u00f3n del injerto \u00f3seo.<\/li>\n<\/ul>\n<p><strong><u>Placa de bisagra<\/u><\/strong><\/p>\n<ul>\n<li>Dise\u00f1o premoldeado seg\u00fan el \u00e1ngulo habitual de puerta abierta para la fijaci\u00f3n de bisagras.<\/li>\n<\/ul>\n<p><strong><u>Indicaci\u00f3n<\/u><\/strong><\/p>\n<ul>\n<li>Osificaci\u00f3n del ligamento longitudinal posterior (OPLL) en m\u00faltiples niveles con lordosis cervical mantenida<\/li>\n<li>Espondilosis cervical multinivel con lordosis cervical mantenida<\/li>\n<li>Estenosis cong\u00e9nita del canal con lordosis cervical mantenida<\/li>\n<li>Compresi\u00f3n posterior por hipertrofia ligamentosa con lordosis cervical mantenida<\/li>\n<\/ul>\n","protected":false},"excerpt":{"rendered":"<p>La placa de laminoplastia actualizada es para el OPLL en m\u00faltiples niveles con lordosis cervical mantenida. Espondilosis cervical multinivel con lordosis cervical mantenida. Estenosis cong\u00e9nita del canal con lordosis cervical mantenida, compresi\u00f3n posterior por hipertrofia ligamentosa con lordosis cervical mantenida.<\/p>\n","protected":false},"featured_media":5568,"comment_status":"open","ping_status":"closed","template":"","meta":[],"product_brand":[],"product_cat":[56],"product_tag":[118],"class_list":{"0":"post-5567","1":"product","2":"type-product","3":"status-publish","4":"has-post-thumbnail","6":"product_cat-ortopedia","7":"product_tag-columna","9":"first","10":"instock","11":"shipping-taxable","12":"product-type-simple"},"_links":{"self":[{"href":"https:\/\/yimamedical.com\/productos\/wp-json\/wp\/v2\/product\/5567","targetHints":{"allow":["GET"]}}],"collection":[{"href":"https:\/\/yimamedical.com\/productos\/wp-json\/wp\/v2\/product"}],"about":[{"href":"https:\/\/yimamedical.com\/productos\/wp-json\/wp\/v2\/types\/product"}],"replies":[{"embeddable":true,"href":"https:\/\/yimamedical.com\/productos\/wp-json\/wp\/v2\/comments?post=5567"}],"wp:featuredmedia":[{"embeddable":true,"href":"https:\/\/yimamedical.com\/productos\/wp-json\/wp\/v2\/media\/5568"}],"wp:attachment":[{"href":"https:\/\/yimamedical.com\/productos\/wp-json\/wp\/v2\/media?parent=5567"}],"wp:term":[{"taxonomy":"product_brand","embeddable":true,"href":"https:\/\/yimamedical.com\/productos\/wp-json\/wp\/v2\/product_brand?post=5567"},{"taxonomy":"product_cat","embeddable":true,"href":"https:\/\/yimamedical.com\/productos\/wp-json\/wp\/v2\/product_cat?post=5567"},{"taxonomy":"product_tag","embeddable":true,"href":"https:\/\/yimamedical.com\/productos\/wp-json\/wp\/v2\/product_tag?post=5567"}],"curies":[{"name":"wp","href":"https:\/\/api.w.org\/{rel}","templated":true}]}}