{"id":5608,"date":"2025-07-03T22:25:11","date_gmt":"2025-07-03T22:25:11","guid":{"rendered":"https:\/\/yimamedical.com\/productos\/?post_type=product&#038;p=5608"},"modified":"2025-09-22T23:29:18","modified_gmt":"2025-09-22T23:29:18","slug":"caja-bloqueada-intervertebral-cervical-anterior","status":"publish","type":"product","link":"https:\/\/yimamedical.com\/productos\/product\/caja-bloqueada-intervertebral-cervical-anterior\/","title":{"rendered":"Caja Bloqueada Intervertebral Cervical Anterior"},"content":{"rendered":"<p><img decoding=\"async\" src=\"https:\/\/es.doublemedicalgp.com\/js\/htmledit\/kindeditor\/attached\/20200819\/20200819084543_36908.png\" alt=\"\" \/><\/p>\n<p><u><strong>caracteristicas:<\/strong><\/u><\/p>\n<ul>\n<li>El material PEEK &#8211; OPTIMA\u00ae es biocompatible y mucho m\u00e1s parecido al del hueso esponjoso, por lo que minimiza el riesgo de captaci\u00f3n sist\u00e9mica y reacciones inflamatorias locales.<\/li>\n<li>Estructura perforada para el crecimiento \u00f3seo.<\/li>\n<li>La superficie rugosa promueve la integraci\u00f3n.<\/li>\n<\/ul>\n<p><u><strong>Indicaciones:<\/strong><\/u><\/p>\n<p>Columna cervical C2 &#8211; C7<\/p>\n<ul>\n<li>Enfermedad degenerativa del disco<\/li>\n<li>Estenosis espinal<\/li>\n<li>Fusi\u00f3n anterior fallida<\/li>\n<li>Pseudoartrosis<\/li>\n<\/ul>\n<p><u><strong>Empulgueras:<\/strong><\/u><\/p>\n<ul>\n<li>Tornillo de bloqueo de 3.0mm, stardrive, auto &#8211; roscado, 12mm<\/li>\n<li>Tornillo de bloqueo de 3.0mm, stardrive, auto &#8211; roscado, 14mm<\/li>\n<li>Tornillo de bloqueo de 3.0mm, stardrive, auto &#8211; roscado, 16mm<\/li>\n<\/ul>\n<div><\/div>\n<div><u><strong>Juego de instrumentos:<\/strong><\/u><\/div>\n<ul>\n<li>\n<div>Conjunto de instrumentos de jaula de bloqueo intervertebral cervical anterior<\/div>\n<\/li>\n<\/ul>\n","protected":false},"excerpt":{"rendered":"<p>La Caja Bloqueada Intervertebral Cervical\u00a0 Anterior para el tratamiento de\u00a0Discos rotos y herniados,enfermedad degenerativa del disco e inestabilidad espinal, pseudoartrosis o espondilodesis fallida.<\/p>\n","protected":false},"featured_media":5609,"comment_status":"open","ping_status":"closed","template":"","meta":[],"product_brand":[],"product_cat":[56],"product_tag":[118],"class_list":{"0":"post-5608","1":"product","2":"type-product","3":"status-publish","4":"has-post-thumbnail","6":"product_cat-ortopedia","7":"product_tag-columna","9":"first","10":"instock","11":"shipping-taxable","12":"product-type-simple"},"_links":{"self":[{"href":"https:\/\/yimamedical.com\/productos\/wp-json\/wp\/v2\/product\/5608","targetHints":{"allow":["GET"]}}],"collection":[{"href":"https:\/\/yimamedical.com\/productos\/wp-json\/wp\/v2\/product"}],"about":[{"href":"https:\/\/yimamedical.com\/productos\/wp-json\/wp\/v2\/types\/product"}],"replies":[{"embeddable":true,"href":"https:\/\/yimamedical.com\/productos\/wp-json\/wp\/v2\/comments?post=5608"}],"wp:featuredmedia":[{"embeddable":true,"href":"https:\/\/yimamedical.com\/productos\/wp-json\/wp\/v2\/media\/5609"}],"wp:attachment":[{"href":"https:\/\/yimamedical.com\/productos\/wp-json\/wp\/v2\/media?parent=5608"}],"wp:term":[{"taxonomy":"product_brand","embeddable":true,"href":"https:\/\/yimamedical.com\/productos\/wp-json\/wp\/v2\/product_brand?post=5608"},{"taxonomy":"product_cat","embeddable":true,"href":"https:\/\/yimamedical.com\/productos\/wp-json\/wp\/v2\/product_cat?post=5608"},{"taxonomy":"product_tag","embeddable":true,"href":"https:\/\/yimamedical.com\/productos\/wp-json\/wp\/v2\/product_tag?post=5608"}],"curies":[{"name":"wp","href":"https:\/\/api.w.org\/{rel}","templated":true}]}}