{"id":5701,"date":"2025-07-04T00:08:12","date_gmt":"2025-07-04T00:08:12","guid":{"rendered":"https:\/\/yimamedical.com\/productos\/?post_type=product&#038;p=5701"},"modified":"2025-09-22T22:21:30","modified_gmt":"2025-09-22T22:21:30","slug":"sistema-de-clavo-femoral-adolescente","status":"publish","type":"product","link":"https:\/\/yimamedical.com\/productos\/product\/sistema-de-clavo-femoral-adolescente\/","title":{"rendered":"Sistema de clavo femoral adolescente"},"content":{"rendered":"<p><strong><u>Indicaci\u00f3n:<\/u><\/strong><\/p>\n<ul>\n<li>fracturas femorales de adolescentes o adultos peque\u00f1os<\/li>\n<li>fracturas del eje femoral<\/li>\n<li>fracturas subtrocant\u00e9ricas<\/li>\n<li>Fracturas ipsilaterales del cuello\/di\u00e1fisis femoral<\/li>\n<li>fractura patol\u00f3gica inminente<\/li>\n<li>no uniones y malas uniones<\/li>\n<\/ul>\n<p><u><strong>caracteristicas:<\/strong><\/u><\/p>\n<ul>\n<li>menor di\u00e1metro de la u\u00f1a: m\u00e1s adecuado para el canal medular femoral adolescente<\/li>\n<li>punto de entrada: en el lateral del troc\u00e1nter mayor, un punto final lejano con una distancia de 20 mm desde el troc\u00e1nter menor y 12\u00b0 lateral al eje del canal medular.<\/li>\n<li>el corte oblicuo en el extremo proximal evita la irritaci\u00f3n de los tejidos blandos.<\/li>\n<li>dise\u00f1o de corte plano lateral menor presi\u00f3n en la corteza lateral.<\/li>\n<li>bloqueo de reconstrucci\u00f3n y bloqueo est\u00e1ndar, las dos opciones de bloqueo para diferentes fracturas.<\/li>\n<\/ul>\n<p><u><strong>instrumentos:<\/strong><\/u><\/p>\n<ul>\n<li>conjunto de instrumentos afn<\/li>\n<\/ul>\n<p><strong><u>empulgueras:<\/u><\/strong><\/p>\n<ul>\n<li>Tornillo de bloqueo de 5.0 mm para clavo femoral adolescente<\/li>\n<li>Tornillo de bloqueo de 4.0 mm<\/li>\n<\/ul>\n","protected":false},"excerpt":{"rendered":"<p>El clavo femoral adolescente es para la fractura femoral de adolescentes y adultos j\u00f3venes.<\/p>\n","protected":false},"featured_media":5702,"comment_status":"open","ping_status":"closed","template":"","meta":[],"product_brand":[],"product_cat":[56],"product_tag":[114],"class_list":{"0":"post-5701","1":"product","2":"type-product","3":"status-publish","4":"has-post-thumbnail","6":"product_cat-ortopedia","7":"product_tag-pediatria","9":"first","10":"instock","11":"shipping-taxable","12":"product-type-simple"},"_links":{"self":[{"href":"https:\/\/yimamedical.com\/productos\/wp-json\/wp\/v2\/product\/5701","targetHints":{"allow":["GET"]}}],"collection":[{"href":"https:\/\/yimamedical.com\/productos\/wp-json\/wp\/v2\/product"}],"about":[{"href":"https:\/\/yimamedical.com\/productos\/wp-json\/wp\/v2\/types\/product"}],"replies":[{"embeddable":true,"href":"https:\/\/yimamedical.com\/productos\/wp-json\/wp\/v2\/comments?post=5701"}],"wp:featuredmedia":[{"embeddable":true,"href":"https:\/\/yimamedical.com\/productos\/wp-json\/wp\/v2\/media\/5702"}],"wp:attachment":[{"href":"https:\/\/yimamedical.com\/productos\/wp-json\/wp\/v2\/media?parent=5701"}],"wp:term":[{"taxonomy":"product_brand","embeddable":true,"href":"https:\/\/yimamedical.com\/productos\/wp-json\/wp\/v2\/product_brand?post=5701"},{"taxonomy":"product_cat","embeddable":true,"href":"https:\/\/yimamedical.com\/productos\/wp-json\/wp\/v2\/product_cat?post=5701"},{"taxonomy":"product_tag","embeddable":true,"href":"https:\/\/yimamedical.com\/productos\/wp-json\/wp\/v2\/product_tag?post=5701"}],"curies":[{"name":"wp","href":"https:\/\/api.w.org\/{rel}","templated":true}]}}