{"id":5793,"date":"2025-07-07T18:53:41","date_gmt":"2025-07-07T18:53:41","guid":{"rendered":"https:\/\/yimamedical.com\/productos\/?post_type=product&#038;p=5793"},"modified":"2025-09-22T21:37:14","modified_gmt":"2025-09-22T21:37:14","slug":"mt-placa-bloqueada-calcaneal-ap-y-pt","status":"publish","type":"product","link":"https:\/\/yimamedical.com\/productos\/product\/mt-placa-bloqueada-calcaneal-ap-y-pt\/","title":{"rendered":"MT Placa Bloqueada Calcaneal AP y PT"},"content":{"rendered":"<p><img decoding=\"async\" src=\"https:\/\/es.doublemedicalgp.com\/js\/htmledit\/kindeditor\/attached\/20200819\/20200819004454_35947.png\" alt=\"\" \/><\/p>\n<p><strong><u>Caracter\u00edstica:<\/u><\/strong><\/p>\n<ul>\n<li>El dise\u00f1o anat\u00f3mico ayuda a fijar las fracturas en el calc\u00e1neo.<\/li>\n<li>Extremo c\u00f3nico para una f\u00e1cil inserci\u00f3n.<\/li>\n<li>Tornillo superior dirigido al sustentaculum tali.<\/li>\n<\/ul>\n<p><strong><u>Indicaci\u00f3n:<\/u><\/strong><\/p>\n<p>Clasificaciones de lijadoras:<\/p>\n<ul>\n<li>Tipo \u2160: Faceta posterior no desplazada.<\/li>\n<li>Tipo \u2161: Desplazado con una l\u00ednea de fractura en la faceta posterior.<\/li>\n<li>Tipo \u2162: Desplazado con dos l\u00edneas de fractura en la faceta posterior.<\/li>\n<\/ul>\n<p><strong><u>Tornillo:<\/u><\/strong><\/p>\n<ul>\n<li>Tornillo de bloqueo MT 3.5mm.<\/li>\n<li>Tornillo de bloqueo MT 4.0mm.<\/li>\n<li>Tornillo de cortical MT de 3.5mm.<\/li>\n<\/ul>\n<p><strong><u>Juego de instrumentos:<\/u><\/strong><\/p>\n<ul>\n<li>Instrumental Marathon Total Foot.<\/li>\n<\/ul>\n","protected":false},"excerpt":{"rendered":"<p>La MT Placa Bloqueada Calcaneal AP y PT se utiliza para la faceta posterior no desplazada, desplazada con una l\u00ednea de fractura en la faceta posterior y desplazada con dos l\u00edneas de fractura en la faceta posterior de acuerdo con las clasificaciones de Sanders.<\/p>\n","protected":false},"featured_media":5794,"comment_status":"open","ping_status":"closed","template":"","meta":[],"product_brand":[],"product_cat":[56],"product_tag":[111],"class_list":{"0":"post-5793","1":"product","2":"type-product","3":"status-publish","4":"has-post-thumbnail","6":"product_cat-ortopedia","7":"product_tag-pie-y-tobillo","9":"first","10":"instock","11":"shipping-taxable","12":"product-type-simple"},"_links":{"self":[{"href":"https:\/\/yimamedical.com\/productos\/wp-json\/wp\/v2\/product\/5793","targetHints":{"allow":["GET"]}}],"collection":[{"href":"https:\/\/yimamedical.com\/productos\/wp-json\/wp\/v2\/product"}],"about":[{"href":"https:\/\/yimamedical.com\/productos\/wp-json\/wp\/v2\/types\/product"}],"replies":[{"embeddable":true,"href":"https:\/\/yimamedical.com\/productos\/wp-json\/wp\/v2\/comments?post=5793"}],"wp:featuredmedia":[{"embeddable":true,"href":"https:\/\/yimamedical.com\/productos\/wp-json\/wp\/v2\/media\/5794"}],"wp:attachment":[{"href":"https:\/\/yimamedical.com\/productos\/wp-json\/wp\/v2\/media?parent=5793"}],"wp:term":[{"taxonomy":"product_brand","embeddable":true,"href":"https:\/\/yimamedical.com\/productos\/wp-json\/wp\/v2\/product_brand?post=5793"},{"taxonomy":"product_cat","embeddable":true,"href":"https:\/\/yimamedical.com\/productos\/wp-json\/wp\/v2\/product_cat?post=5793"},{"taxonomy":"product_tag","embeddable":true,"href":"https:\/\/yimamedical.com\/productos\/wp-json\/wp\/v2\/product_tag?post=5793"}],"curies":[{"name":"wp","href":"https:\/\/api.w.org\/{rel}","templated":true}]}}