{"id":5888,"date":"2025-07-08T18:07:50","date_gmt":"2025-07-08T18:07:50","guid":{"rendered":"https:\/\/yimamedical.com\/productos\/?post_type=product&#038;p=5888"},"modified":"2025-09-22T18:57:57","modified_gmt":"2025-09-22T18:57:57","slug":"md-placa-bloqueada-calcaneal-para-proceso-anterior","status":"publish","type":"product","link":"https:\/\/yimamedical.com\/productos\/product\/md-placa-bloqueada-calcaneal-para-proceso-anterior\/","title":{"rendered":"MD Placa Bloqueada Calcaneal para Proceso Anterior"},"content":{"rendered":"<p><strong><u>Caracter\u00edstica:<\/u><\/strong><\/p>\n<ul>\n<li>El dise\u00f1o anat\u00f3mico ayuda a fijar las fracturas en el proceso anterior del calc\u00e1neo.<\/li>\n<li>Extremo c\u00f3nico para una f\u00e1cil inserci\u00f3n.<\/li>\n<li>Tornillo superior dirigido al sustentaculum tali.<\/li>\n<\/ul>\n<p><strong><u>Indicaci\u00f3n:<\/u><\/strong><\/p>\n<ul>\n<li>Fractura del proceso anterior del calc\u00e1neo<\/li>\n<\/ul>\n<p><strong><u>Tornillo:<\/u><\/strong><\/p>\n<ul>\n<li>Tornillo de bloqueo MT de 3.5mm<\/li>\n<li>Tornillo de bloqueo MT 4.0mm<\/li>\n<li>Tornillo de bloqueo MT de 3.5mm<\/li>\n<\/ul>\n<p><strong><u>Juego de instrumentos:<\/u><\/strong><\/p>\n<ul>\n<li>Peque\u00f1o juego de instrumentos de bloqueo<\/li>\n<\/ul>\n","protected":false},"excerpt":{"rendered":"<p>La\u00a0MD Placa Bloqueada Calcaneal para Proceso Anterior\u00a0se utiliza para la fractura del proceso anterior del calc\u00e1neo.<\/p>\n","protected":false},"featured_media":5889,"comment_status":"open","ping_status":"closed","template":"","meta":[],"product_brand":[],"product_cat":[56],"product_tag":[111],"class_list":{"0":"post-5888","1":"product","2":"type-product","3":"status-publish","4":"has-post-thumbnail","6":"product_cat-ortopedia","7":"product_tag-pie-y-tobillo","9":"first","10":"instock","11":"shipping-taxable","12":"product-type-simple"},"_links":{"self":[{"href":"https:\/\/yimamedical.com\/productos\/wp-json\/wp\/v2\/product\/5888","targetHints":{"allow":["GET"]}}],"collection":[{"href":"https:\/\/yimamedical.com\/productos\/wp-json\/wp\/v2\/product"}],"about":[{"href":"https:\/\/yimamedical.com\/productos\/wp-json\/wp\/v2\/types\/product"}],"replies":[{"embeddable":true,"href":"https:\/\/yimamedical.com\/productos\/wp-json\/wp\/v2\/comments?post=5888"}],"wp:featuredmedia":[{"embeddable":true,"href":"https:\/\/yimamedical.com\/productos\/wp-json\/wp\/v2\/media\/5889"}],"wp:attachment":[{"href":"https:\/\/yimamedical.com\/productos\/wp-json\/wp\/v2\/media?parent=5888"}],"wp:term":[{"taxonomy":"product_brand","embeddable":true,"href":"https:\/\/yimamedical.com\/productos\/wp-json\/wp\/v2\/product_brand?post=5888"},{"taxonomy":"product_cat","embeddable":true,"href":"https:\/\/yimamedical.com\/productos\/wp-json\/wp\/v2\/product_cat?post=5888"},{"taxonomy":"product_tag","embeddable":true,"href":"https:\/\/yimamedical.com\/productos\/wp-json\/wp\/v2\/product_tag?post=5888"}],"curies":[{"name":"wp","href":"https:\/\/api.w.org\/{rel}","templated":true}]}}