{"id":5890,"date":"2025-07-08T18:13:39","date_gmt":"2025-07-08T18:13:39","guid":{"rendered":"https:\/\/yimamedical.com\/productos\/?post_type=product&#038;p=5890"},"modified":"2025-09-22T18:44:44","modified_gmt":"2025-09-22T18:44:44","slug":"md-placa-bloqueada-calcaneal-para-tuberosidad-posterior","status":"publish","type":"product","link":"https:\/\/yimamedical.com\/productos\/product\/md-placa-bloqueada-calcaneal-para-tuberosidad-posterior\/","title":{"rendered":"MD Placa Bloqueada Calcaneal para Tuberosidad Posterior"},"content":{"rendered":"<p><img decoding=\"async\" src=\"https:\/\/es.doublemedicalgp.com\/js\/htmledit\/kindeditor\/attached\/20200818\/20200818024156_97444.png\" \/><\/p>\n<p><strong><u>Caracter\u00edstica:<\/u><\/strong><\/p>\n<ul>\n<li>El dise\u00f1o anat\u00f3mico ayuda a fijar las fracturas en la tuberosidad posterior del calc\u00e1neo.<\/li>\n<li>Extremo c\u00f3nico para una f\u00e1cil inserci\u00f3n.<\/li>\n<li>Tornillo superior que apunta a la cola del sustentaculum.<\/li>\n<\/ul>\n<p><strong><u>Indicaci\u00f3n:<\/u><\/strong><\/p>\n<ul>\n<li>Fractura de la tuberosidad posterior del calc\u00e1neo.<\/li>\n<\/ul>\n<p><strong><u>Tornillo:<\/u><\/strong><\/p>\n<ul>\n<li>MD Tornillo de bloqueo de 3.5mm<\/li>\n<li>Tornillo de bloqueo MD 4.0mm<\/li>\n<li>Tornillo de bloqueo MD de 3.5mm<\/li>\n<\/ul>\n<p><strong><u>Juego de instrumentos:<\/u><\/strong><\/p>\n<ul>\n<li>Peque\u00f1o juego de instrumentos de bloqueo<\/li>\n<\/ul>\n","protected":false},"excerpt":{"rendered":"<p>La\u00a0MD Placa Bloqueada Calcaneal para Tuberosidad Posterior\u00a0se utiliza para\u00a0fractura de la tuberosidad posterior del calc\u00e1neo.<\/p>\n","protected":false},"featured_media":5891,"comment_status":"open","ping_status":"closed","template":"","meta":[],"product_brand":[],"product_cat":[56],"product_tag":[111],"class_list":{"0":"post-5890","1":"product","2":"type-product","3":"status-publish","4":"has-post-thumbnail","6":"product_cat-ortopedia","7":"product_tag-pie-y-tobillo","9":"first","10":"instock","11":"shipping-taxable","12":"product-type-simple"},"_links":{"self":[{"href":"https:\/\/yimamedical.com\/productos\/wp-json\/wp\/v2\/product\/5890","targetHints":{"allow":["GET"]}}],"collection":[{"href":"https:\/\/yimamedical.com\/productos\/wp-json\/wp\/v2\/product"}],"about":[{"href":"https:\/\/yimamedical.com\/productos\/wp-json\/wp\/v2\/types\/product"}],"replies":[{"embeddable":true,"href":"https:\/\/yimamedical.com\/productos\/wp-json\/wp\/v2\/comments?post=5890"}],"wp:featuredmedia":[{"embeddable":true,"href":"https:\/\/yimamedical.com\/productos\/wp-json\/wp\/v2\/media\/5891"}],"wp:attachment":[{"href":"https:\/\/yimamedical.com\/productos\/wp-json\/wp\/v2\/media?parent=5890"}],"wp:term":[{"taxonomy":"product_brand","embeddable":true,"href":"https:\/\/yimamedical.com\/productos\/wp-json\/wp\/v2\/product_brand?post=5890"},{"taxonomy":"product_cat","embeddable":true,"href":"https:\/\/yimamedical.com\/productos\/wp-json\/wp\/v2\/product_cat?post=5890"},{"taxonomy":"product_tag","embeddable":true,"href":"https:\/\/yimamedical.com\/productos\/wp-json\/wp\/v2\/product_tag?post=5890"}],"curies":[{"name":"wp","href":"https:\/\/api.w.org\/{rel}","templated":true}]}}