{"id":6106,"date":"2025-07-14T22:29:08","date_gmt":"2025-07-14T22:29:08","guid":{"rendered":"https:\/\/yimamedical.com\/productos\/?post_type=product&#038;p=6106"},"modified":"2025-09-19T21:29:24","modified_gmt":"2025-09-19T21:29:24","slug":"clavo-tibial-universal-%e2%85%b1","status":"publish","type":"product","link":"https:\/\/yimamedical.com\/productos\/product\/clavo-tibial-universal-%e2%85%b1\/","title":{"rendered":"Clavo Tibial Universal \u2161"},"content":{"rendered":"<p><img decoding=\"async\" src=\"https:\/\/es.doublemedicalgp.com\/js\/htmledit\/kindeditor\/attached\/20200820\/20200820091334_10230.png\" alt=\"\" \/><\/p>\n<p><strong><u>caracteristicas:<\/u><\/strong><\/p>\n<ul>\n<li>Bloquee con seguridad el tornillo de bloqueo oblicuo m\u00e1s proximal con la tapa del extremo para crear una estabilizaci\u00f3n de \u00e1ngulo &#8211; fijo.<\/li>\n<li>La plataforma de orientaci\u00f3n distal aumenta la precisi\u00f3n del bloqueo.<\/li>\n<li>Corte distal para facilitar la inserci\u00f3n.<\/li>\n<\/ul>\n<div><\/div>\n<p><strong><u>Indicaciones:<\/u><\/strong><\/p>\n<ul>\n<li>Fracturas de la di\u00e1fisis tibial<\/li>\n<li>Fracturas de tibia proximal<\/li>\n<li>Fracturas de tibia distal<\/li>\n<\/ul>\n<p><strong><u>Empulgueras:<\/u><\/strong><\/p>\n<ul>\n<li>Tornillo de bloqueo de 5,0mm para clavo tibial universal II<\/li>\n<li>Tornillo de bloqueo de 4.0mm para clavo tibial universal II<\/li>\n<li>Tornillo de bloqueo II de 4.9mm<\/li>\n<li>Tapa de extremo para clavo tibial universal II<\/li>\n<\/ul>\n<p><strong><u>Juego de instrumentos:<\/u><\/strong><\/p>\n<ul>\n<li>Instrumental para clavo tibial canulado universal II<\/li>\n<\/ul>\n","protected":false},"excerpt":{"rendered":"<p>El dise\u00f1o de bloqueo proximal de forma segura permite que el Clavo Tibial Universal \u2161 resuelva las fracturas tibiales proximales, distales y diafisarias.<\/p>\n","protected":false},"featured_media":6107,"comment_status":"open","ping_status":"closed","template":"","meta":[],"product_brand":[],"product_cat":[56],"product_tag":[108],"class_list":{"0":"post-6106","1":"product","2":"type-product","3":"status-publish","4":"has-post-thumbnail","6":"product_cat-ortopedia","7":"product_tag-clavo","9":"first","10":"instock","11":"shipping-taxable","12":"product-type-simple"},"_links":{"self":[{"href":"https:\/\/yimamedical.com\/productos\/wp-json\/wp\/v2\/product\/6106","targetHints":{"allow":["GET"]}}],"collection":[{"href":"https:\/\/yimamedical.com\/productos\/wp-json\/wp\/v2\/product"}],"about":[{"href":"https:\/\/yimamedical.com\/productos\/wp-json\/wp\/v2\/types\/product"}],"replies":[{"embeddable":true,"href":"https:\/\/yimamedical.com\/productos\/wp-json\/wp\/v2\/comments?post=6106"}],"wp:featuredmedia":[{"embeddable":true,"href":"https:\/\/yimamedical.com\/productos\/wp-json\/wp\/v2\/media\/6107"}],"wp:attachment":[{"href":"https:\/\/yimamedical.com\/productos\/wp-json\/wp\/v2\/media?parent=6106"}],"wp:term":[{"taxonomy":"product_brand","embeddable":true,"href":"https:\/\/yimamedical.com\/productos\/wp-json\/wp\/v2\/product_brand?post=6106"},{"taxonomy":"product_cat","embeddable":true,"href":"https:\/\/yimamedical.com\/productos\/wp-json\/wp\/v2\/product_cat?post=6106"},{"taxonomy":"product_tag","embeddable":true,"href":"https:\/\/yimamedical.com\/productos\/wp-json\/wp\/v2\/product_tag?post=6106"}],"curies":[{"name":"wp","href":"https:\/\/api.w.org\/{rel}","templated":true}]}}