{"id":6151,"date":"2025-07-14T22:52:42","date_gmt":"2025-07-14T22:52:42","guid":{"rendered":"https:\/\/yimamedical.com\/productos\/?post_type=product&#038;p=6151"},"modified":"2025-09-19T21:19:09","modified_gmt":"2025-09-19T21:19:09","slug":"clavo-de-compresion-femoral-proximal-pfcn","status":"publish","type":"product","link":"https:\/\/yimamedical.com\/productos\/product\/clavo-de-compresion-femoral-proximal-pfcn\/","title":{"rendered":"Clavo de Compresi\u00f3n Femoral Proximal PFCN"},"content":{"rendered":"<p><img decoding=\"async\" src=\"https:\/\/es.doublemedicalgp.com\/js\/htmledit\/kindeditor\/attached\/20200820\/20200820022101_42929.png\" alt=\"\" \/><\/p>\n<p><strong><u>caracteristicas:<\/u><\/strong><\/p>\n<p><strong>U\u00f1a<\/strong><\/p>\n<ul>\n<li>El \u00e1ngulo CCD de 125 \u00b0 proporciona m\u00e1s opciones para diferentes anatom\u00edas.<\/li>\n<li>El \u00e1ngulo medial &#8211; lateral de 5 \u00b0 permite la inserci\u00f3n en la punta del gran troc\u00e1nter.<\/li>\n<li>Dise\u00f1o de corte plano lateral para facilitar la inserci\u00f3n y reducir la presi\u00f3n sobre la cortical lateral.<\/li>\n<li>Tapa de extremo de 3 tama\u00f1os, 0mm, 5mm, 10mm para evitar tejidos blandos El crecimiento facilita la extracci\u00f3n del implante.<\/li>\n<\/ul>\n<p><strong>Empulgueras<\/strong><\/p>\n<ul>\n<li>Tornillo de bloqueo de compresi\u00f3n combinado \u00fanico: presurizaci\u00f3n continua para eliminar el efecto \u00abZ\u00bb.<\/li>\n<li>Extremo del tornillo de presurizaci\u00f3n: fijar el clavo en el lado medial de la cavidad medular para reducir la presi\u00f3n de la cortical lateral.<\/li>\n<li>Dise\u00f1o de orificios de cemento \u00f3seo: con instrumentos especiales, se centra en el tratamiento de pacientes con osteoporosis.<\/li>\n<li>Estructura de engranajes: la rotaci\u00f3n controlable durante la reducci\u00f3n proporciona una presurizaci\u00f3n lineal.<\/li>\n<\/ul>\n<p><strong>Plantilla de apuntar:<\/strong><\/p>\n<ul>\n<li>Fabricado en material de fibra de carbono, ligero y radiotransparente.<\/li>\n<li>Una plantilla para la inserci\u00f3n del tornillo de tracci\u00f3n, el tornillo de compresi\u00f3n y el tornillo de bloqueo, sin necesidad de cambiar los instrumentos durante la operaci\u00f3n.<\/li>\n<li>Para fracturas inestables, proporcione dos orificios de alambre K &#8211; para la fijaci\u00f3n temporal anti &#8211; rotaci\u00f3n.<\/li>\n<\/ul>\n<p><strong><u>Indicaciones:<\/u><\/strong><\/p>\n<ul>\n<li>Fracturas pertrocant\u00e9reas<\/li>\n<li>Fracturas intertrocant\u00e9reas<\/li>\n<li>Fracturas subtrocant\u00e9reas altas<\/li>\n<\/ul>\n<p><strong><u>Empulgueras:<\/u><\/strong><\/p>\n<ul>\n<li>Tornillo de tracci\u00f3n para clavo de compresi\u00f3n femoral proximal<\/li>\n<li>Tornillo de compresi\u00f3n para clavo de compresi\u00f3n femoral proximal<\/li>\n<li>Tornillo de bloqueo de 4.9mm<\/li>\n<li>Tapa terminal para clavo de compresi\u00f3n femoral proximal<\/li>\n<\/ul>\n<p><strong><u>Juego de instrumentos:<\/u><\/strong><\/p>\n<ul>\n<li>Instrumental para clavos de compresi\u00f3n femoral proximal<\/li>\n<\/ul>\n","protected":false},"excerpt":{"rendered":"<div class=\"main\">Con los exclusivos tornillos de bloqueo de compresi\u00f3n combinados, Clavo de Compresi\u00f3n Femoral Proximal PFNC facilita la compresi\u00f3n eficaz del clavo femoral proximal.<\/div>\n<div class=\"pro-table clearfix\"><\/div>\n<div class=\"mobile_inquiry clearfix\"><\/div>\n","protected":false},"featured_media":6152,"comment_status":"open","ping_status":"closed","template":"","meta":[],"product_brand":[],"product_cat":[56],"product_tag":[108],"class_list":{"0":"post-6151","1":"product","2":"type-product","3":"status-publish","4":"has-post-thumbnail","6":"product_cat-ortopedia","7":"product_tag-clavo","9":"first","10":"instock","11":"shipping-taxable","12":"product-type-simple"},"_links":{"self":[{"href":"https:\/\/yimamedical.com\/productos\/wp-json\/wp\/v2\/product\/6151","targetHints":{"allow":["GET"]}}],"collection":[{"href":"https:\/\/yimamedical.com\/productos\/wp-json\/wp\/v2\/product"}],"about":[{"href":"https:\/\/yimamedical.com\/productos\/wp-json\/wp\/v2\/types\/product"}],"replies":[{"embeddable":true,"href":"https:\/\/yimamedical.com\/productos\/wp-json\/wp\/v2\/comments?post=6151"}],"wp:featuredmedia":[{"embeddable":true,"href":"https:\/\/yimamedical.com\/productos\/wp-json\/wp\/v2\/media\/6152"}],"wp:attachment":[{"href":"https:\/\/yimamedical.com\/productos\/wp-json\/wp\/v2\/media?parent=6151"}],"wp:term":[{"taxonomy":"product_brand","embeddable":true,"href":"https:\/\/yimamedical.com\/productos\/wp-json\/wp\/v2\/product_brand?post=6151"},{"taxonomy":"product_cat","embeddable":true,"href":"https:\/\/yimamedical.com\/productos\/wp-json\/wp\/v2\/product_cat?post=6151"},{"taxonomy":"product_tag","embeddable":true,"href":"https:\/\/yimamedical.com\/productos\/wp-json\/wp\/v2\/product_tag?post=6151"}],"curies":[{"name":"wp","href":"https:\/\/api.w.org\/{rel}","templated":true}]}}