{"id":6298,"date":"2025-07-21T19:36:21","date_gmt":"2025-07-21T19:36:21","guid":{"rendered":"https:\/\/yimamedical.com\/productos\/?post_type=product&#038;p=6298"},"modified":"2025-09-18T17:58:01","modified_gmt":"2025-09-18T17:58:01","slug":"placa-bloqueada-tibial-distal-lateral","status":"publish","type":"product","link":"https:\/\/yimamedical.com\/productos\/product\/placa-bloqueada-tibial-distal-lateral\/","title":{"rendered":"Placa Bloqueada Tibial Distal Lateral"},"content":{"rendered":"<p><img decoding=\"async\" src=\"https:\/\/es.doublemedicalgp.com\/js\/htmledit\/kindeditor\/attached\/20200820\/20200820011549_85595.jpg\" alt=\"\" \/><\/p>\n<p><strong><u>caracteristicas:<\/u><\/strong><\/p>\n<ul>\n<li>Los orificios del eje aceptan tornillos de bloqueo de 3.5mm, tornillos de cortical de 3.5mm y tornillos para hueso esponjoso de 4.0mm.<\/li>\n<li>La combinaci\u00f3n de tornillos convencionales y de bloqueo ofrece una fijaci\u00f3n \u00f3ptima independientemente de la densidad \u00f3sea.<\/li>\n<\/ul>\n<p><strong><u>Indicaciones:<\/u><\/strong><\/p>\n<ul>\n<li>Extra &#8211; articular y simple intra &#8211; fracturas articulares de tibia distal<\/li>\n<li>Fracturas de tibia distal, percut\u00e1neas o reducibles por artrotom\u00eda limitada<\/li>\n<li>Fractura de tibia distal que se extiende hacia el \u00e1rea diafisaria<\/li>\n<\/ul>\n<p><strong><u>Empulgueras:<\/u><\/strong><\/p>\n<ul>\n<li>Tornillo de bloqueo de 3.5mm<\/li>\n<li>Tornillo de cortical de 3.5mm<\/li>\n<li>Tornillo de esponjosa de 4.0mm<\/li>\n<\/ul>\n<p><strong><u>Instrumentaci\u00f3n:<\/u><\/strong><\/p>\n<ul>\n<li>Peque\u00f1o juego de instrumentos de bloqueo<\/li>\n<\/ul>\n","protected":false},"excerpt":{"rendered":"<p>La Placa Bloqueada Tibial Distal Lateral es una buena opci\u00f3n para el tratamiento de fracturas de tibia distal extra &#8211; articulares e intra -articulares con forma anat\u00f3mica, con un grosor del eje de 4.0mm que se estrecha a 3.0mm al distal.<\/p>\n","protected":false},"featured_media":6299,"comment_status":"open","ping_status":"closed","template":"","meta":[],"product_brand":[],"product_cat":[56],"product_tag":[106],"class_list":{"0":"post-6298","1":"product","2":"type-product","3":"status-publish","4":"has-post-thumbnail","6":"product_cat-ortopedia","7":"product_tag-placa","9":"first","10":"instock","11":"shipping-taxable","12":"product-type-simple"},"_links":{"self":[{"href":"https:\/\/yimamedical.com\/productos\/wp-json\/wp\/v2\/product\/6298","targetHints":{"allow":["GET"]}}],"collection":[{"href":"https:\/\/yimamedical.com\/productos\/wp-json\/wp\/v2\/product"}],"about":[{"href":"https:\/\/yimamedical.com\/productos\/wp-json\/wp\/v2\/types\/product"}],"replies":[{"embeddable":true,"href":"https:\/\/yimamedical.com\/productos\/wp-json\/wp\/v2\/comments?post=6298"}],"wp:featuredmedia":[{"embeddable":true,"href":"https:\/\/yimamedical.com\/productos\/wp-json\/wp\/v2\/media\/6299"}],"wp:attachment":[{"href":"https:\/\/yimamedical.com\/productos\/wp-json\/wp\/v2\/media?parent=6298"}],"wp:term":[{"taxonomy":"product_brand","embeddable":true,"href":"https:\/\/yimamedical.com\/productos\/wp-json\/wp\/v2\/product_brand?post=6298"},{"taxonomy":"product_cat","embeddable":true,"href":"https:\/\/yimamedical.com\/productos\/wp-json\/wp\/v2\/product_cat?post=6298"},{"taxonomy":"product_tag","embeddable":true,"href":"https:\/\/yimamedical.com\/productos\/wp-json\/wp\/v2\/product_tag?post=6298"}],"curies":[{"name":"wp","href":"https:\/\/api.w.org\/{rel}","templated":true}]}}