{"id":6391,"date":"2025-08-05T18:19:44","date_gmt":"2025-08-05T18:19:44","guid":{"rendered":"https:\/\/yimamedical.com\/productos\/?post_type=product&#038;p=6391"},"modified":"2025-09-17T17:03:36","modified_gmt":"2025-09-17T17:03:36","slug":"sistema-de-placa-de-bloqueo-femoral-distal","status":"publish","type":"product","link":"https:\/\/yimamedical.com\/productos\/product\/sistema-de-placa-de-bloqueo-femoral-distal\/","title":{"rendered":"Sistema de placa de bloqueo femoral distal"},"content":{"rendered":"<p class=\"\"><b><u>Caracter\u00edstica\u00a0:<\/u><\/b><b><u><\/u><\/b><\/p>\n<p class=\"\" align=\"justify\">\u25cf Proporcione una soluci\u00f3n de fijaci\u00f3n interna \u00f3ptima para las fracturas conminutas C3 del f\u00e9mur distal.<\/p>\n<p class=\"\">\u25cf La fijaci\u00f3n con dos placas garantiza una mayor resistencia y estabilidad de la fijaci\u00f3n.<\/p>\n<p class=\"\">\u25cf El dise\u00f1o anat\u00f3mico puede adaptarse f\u00e1cilmente al hueso.<\/p>\n<p class=\"\"><b><u>Indicaci\u00f3n\u00a0:<\/u><\/b><b><u><\/u><\/b><\/p>\n<p class=\"\" align=\"justify\">\u25cf Fractura tipo C3 del f\u00e9mur distal.<\/p>\n<p class=\"\"><b><u>Tornillo:<\/u><\/b><b><u><\/u><\/b><\/p>\n<p class=\"\">\u25cf\u00a0Tornillo de bloqueo de\u00a03,5 mm<\/p>\n<p class=\"\">\u25cf\u00a0Tornillo de cortical de\u00a03,5 mm<\/p>\n<p class=\"\"><b><u>Instrumento\u00a0:<\/u><\/b><b><u><\/u><\/b><\/p>\n<p class=\"\">\u25cf Instrumento de bloqueo peque\u00f1o<\/p>\n","protected":false},"excerpt":{"rendered":"<p>Trauma Precision Fixation System, la fijaci\u00f3n de dos placas para el f\u00e9mur medial y lateral garantiza una mejor fuerza de fijaci\u00f3n y estabilidad.<\/p>\n","protected":false},"featured_media":6392,"comment_status":"open","ping_status":"closed","template":"","meta":[],"product_brand":[],"product_cat":[56],"product_tag":[106],"class_list":{"0":"post-6391","1":"product","2":"type-product","3":"status-publish","4":"has-post-thumbnail","6":"product_cat-ortopedia","7":"product_tag-placa","9":"first","10":"instock","11":"shipping-taxable","12":"product-type-simple"},"_links":{"self":[{"href":"https:\/\/yimamedical.com\/productos\/wp-json\/wp\/v2\/product\/6391","targetHints":{"allow":["GET"]}}],"collection":[{"href":"https:\/\/yimamedical.com\/productos\/wp-json\/wp\/v2\/product"}],"about":[{"href":"https:\/\/yimamedical.com\/productos\/wp-json\/wp\/v2\/types\/product"}],"replies":[{"embeddable":true,"href":"https:\/\/yimamedical.com\/productos\/wp-json\/wp\/v2\/comments?post=6391"}],"wp:featuredmedia":[{"embeddable":true,"href":"https:\/\/yimamedical.com\/productos\/wp-json\/wp\/v2\/media\/6392"}],"wp:attachment":[{"href":"https:\/\/yimamedical.com\/productos\/wp-json\/wp\/v2\/media?parent=6391"}],"wp:term":[{"taxonomy":"product_brand","embeddable":true,"href":"https:\/\/yimamedical.com\/productos\/wp-json\/wp\/v2\/product_brand?post=6391"},{"taxonomy":"product_cat","embeddable":true,"href":"https:\/\/yimamedical.com\/productos\/wp-json\/wp\/v2\/product_cat?post=6391"},{"taxonomy":"product_tag","embeddable":true,"href":"https:\/\/yimamedical.com\/productos\/wp-json\/wp\/v2\/product_tag?post=6391"}],"curies":[{"name":"wp","href":"https:\/\/api.w.org\/{rel}","templated":true}]}}