{"id":6454,"date":"2025-08-05T19:04:41","date_gmt":"2025-08-05T19:04:41","guid":{"rendered":"https:\/\/yimamedical.com\/productos\/?post_type=product&#038;p=6454"},"modified":"2025-09-12T19:35:45","modified_gmt":"2025-09-12T19:35:45","slug":"placa-de-bloqueo-para-fusion-de-muneca","status":"publish","type":"product","link":"https:\/\/yimamedical.com\/productos\/product\/placa-de-bloqueo-para-fusion-de-muneca\/","title":{"rendered":"Placa de bloqueo para fusi\u00f3n de mu\u00f1eca"},"content":{"rendered":"<p><img decoding=\"async\" src=\"https:\/\/es.doublemedicalgp.com\/js\/htmledit\/kindeditor\/attached\/20201221\/20201221135907_70604.jpg\" alt=\"\" \/><\/p>\n<p><strong><u>Caracteristicas:<\/u><\/strong><\/p>\n<p>Las placas de bajo perfil minimizan la prominencia de la placa.<br \/>\nEl \u00e1ngulo de fusi\u00f3n de dorsiflexi\u00f3n de 10 \u00b0 proporciona una posici\u00f3n \u00f3ptima de la mano.<br \/>\nLos extremos c\u00f3nicos minimizan la irritaci\u00f3n de los tejidos blandos.<\/p>\n<div><\/div>\n<p><u><\/u><strong><u>Indicaciones:<\/u><\/strong><\/p>\n<div>Artrodesis de mu\u00f1eca y fracturas de huesos peque\u00f1os del carpo<\/div>\n<p>&#8211; Artrosis postraum\u00e1tica de las articulaciones de la mu\u00f1eca<br \/>\n&#8211; Deformidades reumatoides de la mu\u00f1eca que requieren restauraci\u00f3n.<br \/>\n&#8211; Deformidades esp\u00e1sticas<br \/>\n&#8211; Inestabilidad carpiana compleja<br \/>\n&#8211; Artritis s\u00e9ptica de la mu\u00f1eca<br \/>\n&#8211; Dolor de mu\u00f1eca intenso e incesante relacionado con el movimiento.<br \/>\n&#8211; Par\u00e1lisis del nervio del plexo braquial<\/p>\n<p>&#8211; Resecci\u00f3n tumoral<\/p>\n<p><strong><u>Empulgueras:<\/u><\/strong><\/p>\n<p>Tornillo de bloqueo de 2.7 mm, autorroscante<\/p>\n<p>Tornillo de bloqueo de 3.5 mm, autorroscante<\/p>\n<p>Tornillo de cortical de 2.7 mm<\/p>\n<p>Tornillo de cortical de 3.5 mm<\/p>\n<p><u><\/u><strong><u>Instrumentaci\u00f3n:<\/u><\/strong><br \/>\nPeque\u00f1o juego de instrumentos de bloqueo<br \/>\n2.4 Juego de instrumentos de bloqueo<\/p>\n","protected":false},"excerpt":{"rendered":"<p>Placa de bloqueo para fusi\u00f3n de mu\u00f1eca para pacientes con una anatom\u00eda inusual de la mu\u00f1eca o una articulaci\u00f3n de la mu\u00f1eca muy deformada.<\/p>\n","protected":false},"featured_media":6455,"comment_status":"open","ping_status":"closed","template":"","meta":[],"product_brand":[],"product_cat":[56],"product_tag":[106],"class_list":{"0":"post-6454","1":"product","2":"type-product","3":"status-publish","4":"has-post-thumbnail","6":"product_cat-ortopedia","7":"product_tag-placa","9":"first","10":"instock","11":"shipping-taxable","12":"product-type-simple"},"_links":{"self":[{"href":"https:\/\/yimamedical.com\/productos\/wp-json\/wp\/v2\/product\/6454","targetHints":{"allow":["GET"]}}],"collection":[{"href":"https:\/\/yimamedical.com\/productos\/wp-json\/wp\/v2\/product"}],"about":[{"href":"https:\/\/yimamedical.com\/productos\/wp-json\/wp\/v2\/types\/product"}],"replies":[{"embeddable":true,"href":"https:\/\/yimamedical.com\/productos\/wp-json\/wp\/v2\/comments?post=6454"}],"wp:featuredmedia":[{"embeddable":true,"href":"https:\/\/yimamedical.com\/productos\/wp-json\/wp\/v2\/media\/6455"}],"wp:attachment":[{"href":"https:\/\/yimamedical.com\/productos\/wp-json\/wp\/v2\/media?parent=6454"}],"wp:term":[{"taxonomy":"product_brand","embeddable":true,"href":"https:\/\/yimamedical.com\/productos\/wp-json\/wp\/v2\/product_brand?post=6454"},{"taxonomy":"product_cat","embeddable":true,"href":"https:\/\/yimamedical.com\/productos\/wp-json\/wp\/v2\/product_cat?post=6454"},{"taxonomy":"product_tag","embeddable":true,"href":"https:\/\/yimamedical.com\/productos\/wp-json\/wp\/v2\/product_tag?post=6454"}],"curies":[{"name":"wp","href":"https:\/\/api.w.org\/{rel}","templated":true}]}}