{"id":6557,"date":"2025-08-05T22:45:24","date_gmt":"2025-08-05T22:45:24","guid":{"rendered":"https:\/\/yimamedical.com\/productos\/?post_type=product&#038;p=6557"},"modified":"2025-09-09T18:55:12","modified_gmt":"2025-09-09T18:55:12","slug":"placa-de-bloqueo-recta-del-eje-humeral","status":"publish","type":"product","link":"https:\/\/yimamedical.com\/productos\/product\/placa-de-bloqueo-recta-del-eje-humeral\/","title":{"rendered":"Placa de bloqueo recta del eje humeral"},"content":{"rendered":"<p><strong><u>Indicaci\u00f3n<\/u><\/strong><strong><u>\u00a0:<\/u><\/strong><\/p>\n<p>Fracturas de h\u00famero de la di\u00e1fisis media<\/p>\n<p><u><strong>Empulgueras:<\/strong><\/u><\/p>\n<p>Tornillo de bloqueo de 3.5 mm<\/p>\n<p>4.0 mm\u00a0Tornillo de bloqueo<\/p>\n<p>Tornillo de cortical de 3.5 mm<\/p>\n<p><strong><u>Instrumentat<\/u><\/strong><strong><u>\u00a0ion<\/u><\/strong><\/p>\n<p>Peque\u00f1o juego de instrumentos de bloqueo<\/p>\n","protected":false},"excerpt":{"rendered":"<p>Placa de bloqueo recta para la di\u00e1fisis humeral con orificio doble dise\u00f1ada para fracturas de h\u00famero de la di\u00e1fisis media.<\/p>\n","protected":false},"featured_media":6558,"comment_status":"open","ping_status":"closed","template":"","meta":[],"product_brand":[],"product_cat":[56],"product_tag":[106],"class_list":{"0":"post-6557","1":"product","2":"type-product","3":"status-publish","4":"has-post-thumbnail","6":"product_cat-ortopedia","7":"product_tag-placa","9":"first","10":"instock","11":"shipping-taxable","12":"product-type-simple"},"_links":{"self":[{"href":"https:\/\/yimamedical.com\/productos\/wp-json\/wp\/v2\/product\/6557","targetHints":{"allow":["GET"]}}],"collection":[{"href":"https:\/\/yimamedical.com\/productos\/wp-json\/wp\/v2\/product"}],"about":[{"href":"https:\/\/yimamedical.com\/productos\/wp-json\/wp\/v2\/types\/product"}],"replies":[{"embeddable":true,"href":"https:\/\/yimamedical.com\/productos\/wp-json\/wp\/v2\/comments?post=6557"}],"wp:featuredmedia":[{"embeddable":true,"href":"https:\/\/yimamedical.com\/productos\/wp-json\/wp\/v2\/media\/6558"}],"wp:attachment":[{"href":"https:\/\/yimamedical.com\/productos\/wp-json\/wp\/v2\/media?parent=6557"}],"wp:term":[{"taxonomy":"product_brand","embeddable":true,"href":"https:\/\/yimamedical.com\/productos\/wp-json\/wp\/v2\/product_brand?post=6557"},{"taxonomy":"product_cat","embeddable":true,"href":"https:\/\/yimamedical.com\/productos\/wp-json\/wp\/v2\/product_cat?post=6557"},{"taxonomy":"product_tag","embeddable":true,"href":"https:\/\/yimamedical.com\/productos\/wp-json\/wp\/v2\/product_tag?post=6557"}],"curies":[{"name":"wp","href":"https:\/\/api.w.org\/{rel}","templated":true}]}}