{"id":6567,"date":"2025-08-05T23:20:10","date_gmt":"2025-08-05T23:20:10","guid":{"rendered":"https:\/\/yimamedical.com\/productos\/?post_type=product&#038;p=6567"},"modified":"2025-09-09T18:29:23","modified_gmt":"2025-09-09T18:29:23","slug":"placa-bloqueada-humeral-proximal-%e2%85%b1","status":"publish","type":"product","link":"https:\/\/yimamedical.com\/productos\/product\/placa-bloqueada-humeral-proximal-%e2%85%b1\/","title":{"rendered":"Placa Bloqueada Humeral Proximal \u2161"},"content":{"rendered":"<p><img decoding=\"async\" src=\"https:\/\/es.doublemedicalgp.com\/js\/htmledit\/kindeditor\/attached\/20200819\/20200819022143_65488.jpg\" alt=\"\" \/><\/p>\n<p><u><strong>Caracteristicas<\/strong><\/u><\/p>\n<ul>\n<li>Diez orificios para la aguja de Kirschner alrededor del extremo proximal para la fijaci\u00f3n temporal de la placa al hueso.<\/li>\n<li>Construcci\u00f3n de bloqueo en la cabeza del h\u00famero permite la inserci\u00f3n de tornillos de bloqueo de 3.5mm.<\/li>\n<li>M\u00faltiples puntos de fijaci\u00f3n con amplia cobertura en la cabeza del h\u00famero proporcionan una distribuci\u00f3n \u00f3ptima de la tensi\u00f3n.<\/li>\n<\/ul>\n<div><\/div>\n<p><strong><u>Indicaciones<\/u><\/strong><br \/>\nH\u00famero proximal<\/p>\n<ul>\n<li>&#8211; Fracturas complejas<\/li>\n<li>&#8211; Dislocaciones de fractura<\/li>\n<li>&#8211; Seudoartrosis \u00f3sea<\/li>\n<li>&#8211; Osteotom\u00edas<\/li>\n<\/ul>\n<div><\/div>\n<p><strong><u>Tornillo<\/u><\/strong><\/p>\n<ul>\n<li>Tornillo de bloqueo de 3.5mm<\/li>\n<li>Tornillo de cortical de 3.5mm<\/li>\n<\/ul>\n<p><strong><u>Instrumentaci\u00f3n<\/u><\/strong><\/p>\n<ul>\n<li>Placa de bloqueo humeral proximal \u2161 Instrumental (LISS)<\/li>\n<\/ul>\n","protected":false},"excerpt":{"rendered":"<p>La Placa Bloqueada Humeral Proximal \u2161 es para la indicaci\u00f3n de fracturas complejas en h\u00famero proximal, con m\u00faltiples agujeros de fijaci\u00f3n con amplia cobertura en la cabeza del h\u00famero que proporcionan una distribuci\u00f3n \u00f3ptima de la tensi\u00f3n.<\/p>\n","protected":false},"featured_media":6568,"comment_status":"open","ping_status":"closed","template":"","meta":[],"product_brand":[],"product_cat":[56],"product_tag":[106],"class_list":{"0":"post-6567","1":"product","2":"type-product","3":"status-publish","4":"has-post-thumbnail","6":"product_cat-ortopedia","7":"product_tag-placa","9":"first","10":"instock","11":"shipping-taxable","12":"product-type-simple"},"_links":{"self":[{"href":"https:\/\/yimamedical.com\/productos\/wp-json\/wp\/v2\/product\/6567","targetHints":{"allow":["GET"]}}],"collection":[{"href":"https:\/\/yimamedical.com\/productos\/wp-json\/wp\/v2\/product"}],"about":[{"href":"https:\/\/yimamedical.com\/productos\/wp-json\/wp\/v2\/types\/product"}],"replies":[{"embeddable":true,"href":"https:\/\/yimamedical.com\/productos\/wp-json\/wp\/v2\/comments?post=6567"}],"wp:featuredmedia":[{"embeddable":true,"href":"https:\/\/yimamedical.com\/productos\/wp-json\/wp\/v2\/media\/6568"}],"wp:attachment":[{"href":"https:\/\/yimamedical.com\/productos\/wp-json\/wp\/v2\/media?parent=6567"}],"wp:term":[{"taxonomy":"product_brand","embeddable":true,"href":"https:\/\/yimamedical.com\/productos\/wp-json\/wp\/v2\/product_brand?post=6567"},{"taxonomy":"product_cat","embeddable":true,"href":"https:\/\/yimamedical.com\/productos\/wp-json\/wp\/v2\/product_cat?post=6567"},{"taxonomy":"product_tag","embeddable":true,"href":"https:\/\/yimamedical.com\/productos\/wp-json\/wp\/v2\/product_tag?post=6567"}],"curies":[{"name":"wp","href":"https:\/\/api.w.org\/{rel}","templated":true}]}}