{"id":6631,"date":"2025-08-14T19:10:36","date_gmt":"2025-08-14T19:10:36","guid":{"rendered":"https:\/\/yimamedical.com\/productos\/?post_type=product&#038;p=6631"},"modified":"2025-09-05T19:23:13","modified_gmt":"2025-09-05T19:23:13","slug":"kit-de-aposito-desechable-para-heridas-de-presion-negativa","status":"publish","type":"product","link":"https:\/\/yimamedical.com\/productos\/product\/kit-de-aposito-desechable-para-heridas-de-presion-negativa\/","title":{"rendered":"Kit de ap\u00f3sito desechable para heridas de presi\u00f3n negativa"},"content":{"rendered":"<p><img decoding=\"async\" title=\"Disposable Negative Pressure Wound Dressing Kit\" src=\"https:\/\/es.doublemedicalgp.com\/js\/htmledit\/kindeditor\/attached\/20241115\/20241115093700_23419.jpg\" alt=\"Disposable Negative Pressure Wound Dressing Kit\" width=\"\" height=\"\" align=\"\" \/><\/p>\n<p><strong><u>Caracter\u00edsticas\u00ef\u00bc<\/u><\/strong><\/p>\n<ul>\n<li>Ap\u00f3sito de cuatro capas<\/li>\n<li>Dise\u00f1o port\u00e1til: el vendaje puede absorber, almacenar y evaporar los exudados.<\/li>\n<li>Ap\u00f3sitos aplicados c\u00f3modamente: la capa basal de gel de silicona proporciona una adhesi\u00f3n suave y reduce el dolor durante la retirada del ap\u00f3sito, adem\u00e1s reduce las molestias en la herida.<\/li>\n<li>El ap\u00f3sito proporciona una comprensi\u00f3n visual de los exudados.<\/li>\n<\/ul>\n","protected":false},"excerpt":{"rendered":"<p>El kit de ap\u00f3sito desechable de presi\u00f3n negativa para heridas para SAC-NPS-4000.<\/p>\n","protected":false},"featured_media":6632,"comment_status":"open","ping_status":"closed","template":"","meta":[],"product_brand":[],"product_cat":[87],"product_tag":[104],"class_list":{"0":"post-6631","1":"product","2":"type-product","3":"status-publish","4":"has-post-thumbnail","6":"product_cat-tratamiento-de-heridas","7":"product_tag-sistema-de-npwt","9":"first","10":"instock","11":"shipping-taxable","12":"product-type-simple"},"_links":{"self":[{"href":"https:\/\/yimamedical.com\/productos\/wp-json\/wp\/v2\/product\/6631","targetHints":{"allow":["GET"]}}],"collection":[{"href":"https:\/\/yimamedical.com\/productos\/wp-json\/wp\/v2\/product"}],"about":[{"href":"https:\/\/yimamedical.com\/productos\/wp-json\/wp\/v2\/types\/product"}],"replies":[{"embeddable":true,"href":"https:\/\/yimamedical.com\/productos\/wp-json\/wp\/v2\/comments?post=6631"}],"wp:featuredmedia":[{"embeddable":true,"href":"https:\/\/yimamedical.com\/productos\/wp-json\/wp\/v2\/media\/6632"}],"wp:attachment":[{"href":"https:\/\/yimamedical.com\/productos\/wp-json\/wp\/v2\/media?parent=6631"}],"wp:term":[{"taxonomy":"product_brand","embeddable":true,"href":"https:\/\/yimamedical.com\/productos\/wp-json\/wp\/v2\/product_brand?post=6631"},{"taxonomy":"product_cat","embeddable":true,"href":"https:\/\/yimamedical.com\/productos\/wp-json\/wp\/v2\/product_cat?post=6631"},{"taxonomy":"product_tag","embeddable":true,"href":"https:\/\/yimamedical.com\/productos\/wp-json\/wp\/v2\/product_tag?post=6631"}],"curies":[{"name":"wp","href":"https:\/\/api.w.org\/{rel}","templated":true}]}}