{"id":6772,"date":"2025-08-15T17:43:32","date_gmt":"2025-08-15T17:43:32","guid":{"rendered":"https:\/\/yimamedical.com\/productos\/?post_type=product&#038;p=6772"},"modified":"2025-09-05T17:56:00","modified_gmt":"2025-09-05T17:56:00","slug":"tornillo-oseo-gbr","status":"publish","type":"product","link":"https:\/\/yimamedical.com\/productos\/product\/tornillo-oseo-gbr\/","title":{"rendered":"Tornillo \u00f3seo GBR"},"content":{"rendered":"<p><img decoding=\"async\" src=\"https:\/\/es.doublemedicalgp.com\/js\/htmledit\/kindeditor\/attached\/20241029\/20241029152230_36838.png\" \/><\/p>\n<p><img decoding=\"async\" src=\"https:\/\/es.doublemedicalgp.com\/js\/htmledit\/kindeditor\/attached\/20241029\/20241029152259_98725.png\" \/><\/p>\n<p><img decoding=\"async\" src=\"https:\/\/es.doublemedicalgp.com\/js\/htmledit\/kindeditor\/attached\/20241029\/20241029152402_14477.png\" \/><\/p>\n<p>&nbsp;<\/p>\n","protected":false},"excerpt":{"rendered":"<p>Indicaciones: Adecuado para cirug\u00edas que requieren mantenimiento del espacio osteog\u00e9nico, pudiendo utilizarse para fijaci\u00f3n de bloques \u00f3seos e injertos \u00f3seos BBA.<\/p>\n<p>Material: aleaci\u00f3n de titanio<br \/>\nCaracter\u00edsticas:<br \/>\nDise\u00f1o ultrafino: el grosor de la cabeza de 0,9 mm garantiza que la altura de la superficie \u00f3sea que sobresale despu\u00e9s de la implantaci\u00f3n sea inferior a 1 mm.<br \/>\nDise\u00f1o de ranura Torx de cabeza, destornillador de sujeci\u00f3n m\u00e1s fuerte.<br \/>\nDiferentes \u00e1nodos para una f\u00e1cil diferenciaci\u00f3n.<br \/>\nM\u00faltiples opciones de longitudes.<br \/>\nDise\u00f1o de ranura autorroscante de vanguardia, conveniente para la implantaci\u00f3n.<br \/>\nEspecificaci\u00f3n\u00ef\u00bc<br \/>\nTornillo \u00f3seo, \u00cf1,0\u00c34 mm<br \/>\nTornillo \u00f3seo, \u00cf1,0\u00c36 mm<br \/>\nTornillo \u00f3seo, \u00cf1,0\u00c38 mm<br \/>\nTornillo \u00f3seo, \u00cf1,0\u00c310 mm<br \/>\nTornillo \u00f3seo, \u00cf1,0\u00c312 mm<br \/>\nTornillo \u00f3seo de punta roma, \u00cf1,3\u00c34 mm<br \/>\nTornillo \u00f3seo de punta roma, \u00cf1,3\u00c36 mm<br \/>\nTornillo \u00f3seo de punta roma, \u00cf1,3\u00c38 mm<br \/>\nTornillo \u00f3seo de punta roma, \u00cf1,3\u00c310 mm<br \/>\nTornillo \u00f3seo de punta roma, \u00cf1,3\u00c312 mm<br \/>\nTornillo \u00f3seo de punta afilada: 1,3 \u00d7 4 mm<br \/>\nTornillo \u00f3seo de punta afilada: 1,3 x 6 mm<br \/>\nTornillo \u00f3seo de punta afilada: 1,3 x 8 mm<br \/>\nTornillo \u00f3seo de punta afilada: 1,3 \u00d7 10 mm<br \/>\nTornillo \u00f3seo de punta afilada: 1,3 \u00d7 12 mm<\/p>\n","protected":false},"featured_media":6773,"comment_status":"open","ping_status":"closed","template":"","meta":[],"product_brand":[],"product_cat":[86],"product_tag":[102],"class_list":{"0":"post-6772","1":"product","2":"type-product","3":"status-publish","4":"has-post-thumbnail","6":"product_cat-material-dental","7":"product_tag-regeneracion-osea-guiada","9":"first","10":"instock","11":"shipping-taxable","12":"product-type-simple"},"_links":{"self":[{"href":"https:\/\/yimamedical.com\/productos\/wp-json\/wp\/v2\/product\/6772","targetHints":{"allow":["GET"]}}],"collection":[{"href":"https:\/\/yimamedical.com\/productos\/wp-json\/wp\/v2\/product"}],"about":[{"href":"https:\/\/yimamedical.com\/productos\/wp-json\/wp\/v2\/types\/product"}],"replies":[{"embeddable":true,"href":"https:\/\/yimamedical.com\/productos\/wp-json\/wp\/v2\/comments?post=6772"}],"wp:featuredmedia":[{"embeddable":true,"href":"https:\/\/yimamedical.com\/productos\/wp-json\/wp\/v2\/media\/6773"}],"wp:attachment":[{"href":"https:\/\/yimamedical.com\/productos\/wp-json\/wp\/v2\/media?parent=6772"}],"wp:term":[{"taxonomy":"product_brand","embeddable":true,"href":"https:\/\/yimamedical.com\/productos\/wp-json\/wp\/v2\/product_brand?post=6772"},{"taxonomy":"product_cat","embeddable":true,"href":"https:\/\/yimamedical.com\/productos\/wp-json\/wp\/v2\/product_cat?post=6772"},{"taxonomy":"product_tag","embeddable":true,"href":"https:\/\/yimamedical.com\/productos\/wp-json\/wp\/v2\/product_tag?post=6772"}],"curies":[{"name":"wp","href":"https:\/\/api.w.org\/{rel}","templated":true}]}}