{"id":6865,"date":"2025-08-15T18:46:17","date_gmt":"2025-08-15T18:46:17","guid":{"rendered":"https:\/\/yimamedical.com\/productos\/?post_type=product&#038;p=6865"},"modified":"2025-09-04T23:13:22","modified_gmt":"2025-09-04T23:13:22","slug":"kit-de-elevacion-de-seno","status":"publish","type":"product","link":"https:\/\/yimamedical.com\/productos\/product\/kit-de-elevacion-de-seno\/","title":{"rendered":"Kit de elevaci\u00f3n de seno"},"content":{"rendered":"<p>El kit de elevaci\u00f3n de seno incluye:<br \/>\nFresa piloto de velocidad: \u03c62,0 \u00d7 31,5 mm<br \/>\nElevador de seno<br \/>\n: \u22052,4 mm Elevador de seno: \u22052,8<br \/>\nmm Elevador de seno: \u22053,2<br \/>\nmm Elevador de seno: \u22053,6 mm<br \/>\nAlimentadores dentales: \u22051,0\/\u22052,2 mm<br \/>\nAlimentadores dentales :<br \/>\nAlimentadores dentales de \u22053,1 mm:<br \/>\nMedidor de 2,7 mm para implantes dentales:<br \/>\nSuministro de harina de hueso dental de \u22052,8<br \/>\nmm: Alimentadores dentales de 0,05 CC: Gu\u00eda de profundidad de perforaci\u00f3n de \u22052,7 mm<br \/>\npara implantes<br \/>\nGu\u00eda de profundidad de perforaci\u00f3n de 2 mm para implantes Gu\u00eda de profundidad de perforaci\u00f3n de 3 mm<br \/>\npara implantes Profundidad de perforaci\u00f3n de 4 mm<br \/>\nGu\u00eda para implantes 5 mm<br \/>\nGu\u00eda de profundidad de perforaci\u00f3n para implantes 6 mm<br \/>\nGu\u00eda de profundidad de perforaci\u00f3n para implantes de 7 mm<br \/>\nGu\u00eda de profundidad de perforaci\u00f3n para implantes de 8 mm<br \/>\nGu\u00eda de profundidad de perforaci\u00f3n para implantes de 9 mm<br \/>\nGu\u00eda de profundidad de perforaci\u00f3n para implantes de 10 mm<br \/>\nGu\u00eda de profundidad de perforaci\u00f3n para implantes de 11 mm<\/p>\n","protected":false},"excerpt":{"rendered":"<p>Con su dise\u00f1o de escariador especial, el kit de elevaci\u00f3n de seno DentalMaster permite perforar la pared cortical del seno sin rasgar el revestimiento, incluso al contacto. La perforaci\u00f3n de alta velocidad, combinada con abundante irrigaci\u00f3n, asegura una perforaci\u00f3n segura y r\u00e1pida de la pared cortical del seno.<\/p>\n","protected":false},"featured_media":6866,"comment_status":"open","ping_status":"closed","template":"","meta":[],"product_brand":[],"product_cat":[86],"product_tag":[97],"class_list":{"0":"post-6865","1":"product","2":"type-product","3":"status-publish","4":"has-post-thumbnail","6":"product_cat-material-dental","7":"product_tag-instrumental-quirurgico","9":"first","10":"instock","11":"shipping-taxable","12":"product-type-simple"},"_links":{"self":[{"href":"https:\/\/yimamedical.com\/productos\/wp-json\/wp\/v2\/product\/6865","targetHints":{"allow":["GET"]}}],"collection":[{"href":"https:\/\/yimamedical.com\/productos\/wp-json\/wp\/v2\/product"}],"about":[{"href":"https:\/\/yimamedical.com\/productos\/wp-json\/wp\/v2\/types\/product"}],"replies":[{"embeddable":true,"href":"https:\/\/yimamedical.com\/productos\/wp-json\/wp\/v2\/comments?post=6865"}],"wp:featuredmedia":[{"embeddable":true,"href":"https:\/\/yimamedical.com\/productos\/wp-json\/wp\/v2\/media\/6866"}],"wp:attachment":[{"href":"https:\/\/yimamedical.com\/productos\/wp-json\/wp\/v2\/media?parent=6865"}],"wp:term":[{"taxonomy":"product_brand","embeddable":true,"href":"https:\/\/yimamedical.com\/productos\/wp-json\/wp\/v2\/product_brand?post=6865"},{"taxonomy":"product_cat","embeddable":true,"href":"https:\/\/yimamedical.com\/productos\/wp-json\/wp\/v2\/product_cat?post=6865"},{"taxonomy":"product_tag","embeddable":true,"href":"https:\/\/yimamedical.com\/productos\/wp-json\/wp\/v2\/product_tag?post=6865"}],"curies":[{"name":"wp","href":"https:\/\/api.w.org\/{rel}","templated":true}]}}