{"id":6881,"date":"2025-08-15T19:07:49","date_gmt":"2025-08-15T19:07:49","guid":{"rendered":"https:\/\/yimamedical.com\/productos\/?post_type=product&#038;p=6881"},"modified":"2025-09-04T23:10:51","modified_gmt":"2025-09-04T23:10:51","slug":"pilar-de-cicatrizacion","status":"publish","type":"product","link":"https:\/\/yimamedical.com\/productos\/product\/pilar-de-cicatrizacion\/","title":{"rendered":"Pilar de cicatrizaci\u00f3n"},"content":{"rendered":"<p><img decoding=\"async\" src=\"https:\/\/es.doublemedicalgp.com\/js\/htmledit\/kindeditor\/attached\/20241126\/20241126152948_24088.jpg\" \/><\/p>\n","protected":false},"excerpt":{"rendered":"<p><strong>Material<\/strong>: Titanio (Ti6Al4V ELI)<\/p>\n<p><strong>Especificaciones<\/strong><br \/>\n<u>Tama\u00f1os para la plataforma Active 3.0:<\/u><\/p>\n<p>Pilar de cicatrizaci\u00f3n, 3,0 \u00cf3,9\u00c33,5 mm<br \/>\nPilar de cicatrizaci\u00f3n, 3,0 \u00cf3,9\u00c35,5 mm<br \/>\nPilar de cicatrizaci\u00f3n, 3,0 \u00cf3,9\u00c37,0 mm<br \/>\n<u>Tama\u00f1os para plataforma estrecha (NP):<\/u><br \/>\nPilar de cicatrizaci\u00f3n, NP \u00cf3,5\u00c33,5 mm<br \/>\nPilar de cicatrizaci\u00f3n, NP \u00cf3,5\u00c35,5 mm<br \/>\nPilar de cicatrizaci\u00f3n, NP \u00cf3,5\u00c37,0 mm<br \/>\nPilar de cicatrizaci\u00f3n, NP \u00cf4,5\u00c33,5 mm<br \/>\nPilar de cicatrizaci\u00f3n, NP \u00cf4,5\u00c35,5 mm<br \/>\nPilar de cicatrizaci\u00f3n, NP \u00cf4,5\u00c37,0 mm<br \/>\nPilar de cicatrizaci\u00f3n, NP \u00cf4,8\u00c33,5 mm<br \/>\nPilar de cicatrizaci\u00f3n, NP \u00cf4,8\u00c35,5 mm<br \/>\nPilar de cicatrizaci\u00f3n, NP \u00cf4,8\u00c37,0 mm<br \/>\n<u>Tama\u00f1os para plataforma normal (RP):<\/u><br \/>\nPilar de cicatrizaci\u00f3n, RP \u00cf3,7\u00c33,5 mm<br \/>\nPilar de cicatrizaci\u00f3n, RP \u00cf3,7\u00c35,5 mm<br \/>\nPilar de cicatrizaci\u00f3n, RP \u00cf3,7\u00c37,0 mm<br \/>\nPilar de cicatrizaci\u00f3n, RP \u00cf5,0\u00c33,5 mm<br \/>\nPilar de cicatrizaci\u00f3n, RP \u00cf5,0\u00c35,5 mm<br \/>\nPilar de cicatrizaci\u00f3n, RP \u00cf5,0\u00c37,0 mm<br \/>\nPilar de cicatrizaci\u00f3n, RP \u00cf6,0\u00c33,5 mm<br \/>\nPilar de cicatrizaci\u00f3n, RP \u00cf6,0\u00c35,5 mm<br \/>\nPilar de cicatrizaci\u00f3n, RP \u00cf6,0\u00c37,0 mm<\/p>\n","protected":false},"featured_media":6882,"comment_status":"open","ping_status":"closed","template":"","meta":[],"product_brand":[],"product_cat":[86],"product_tag":[100],"class_list":{"0":"post-6881","1":"product","2":"type-product","3":"status-publish","4":"has-post-thumbnail","6":"product_cat-material-dental","7":"product_tag-dmd-implant-system","9":"first","10":"instock","11":"shipping-taxable","12":"product-type-simple"},"_links":{"self":[{"href":"https:\/\/yimamedical.com\/productos\/wp-json\/wp\/v2\/product\/6881","targetHints":{"allow":["GET"]}}],"collection":[{"href":"https:\/\/yimamedical.com\/productos\/wp-json\/wp\/v2\/product"}],"about":[{"href":"https:\/\/yimamedical.com\/productos\/wp-json\/wp\/v2\/types\/product"}],"replies":[{"embeddable":true,"href":"https:\/\/yimamedical.com\/productos\/wp-json\/wp\/v2\/comments?post=6881"}],"wp:featuredmedia":[{"embeddable":true,"href":"https:\/\/yimamedical.com\/productos\/wp-json\/wp\/v2\/media\/6882"}],"wp:attachment":[{"href":"https:\/\/yimamedical.com\/productos\/wp-json\/wp\/v2\/media?parent=6881"}],"wp:term":[{"taxonomy":"product_brand","embeddable":true,"href":"https:\/\/yimamedical.com\/productos\/wp-json\/wp\/v2\/product_brand?post=6881"},{"taxonomy":"product_cat","embeddable":true,"href":"https:\/\/yimamedical.com\/productos\/wp-json\/wp\/v2\/product_cat?post=6881"},{"taxonomy":"product_tag","embeddable":true,"href":"https:\/\/yimamedical.com\/productos\/wp-json\/wp\/v2\/product_tag?post=6881"}],"curies":[{"name":"wp","href":"https:\/\/api.w.org\/{rel}","templated":true}]}}