{"id":6968,"date":"2025-08-20T20:09:01","date_gmt":"2025-08-20T20:09:01","guid":{"rendered":"https:\/\/yimamedical.com\/productos\/?post_type=product&#038;p=6968"},"modified":"2025-09-04T22:33:13","modified_gmt":"2025-09-04T22:33:13","slug":"kit-de-cirugia-avanzada-dmd-dme","status":"publish","type":"product","link":"https:\/\/yimamedical.com\/productos\/product\/kit-de-cirugia-avanzada-dmd-dme\/","title":{"rendered":"Kit de cirug\u00eda avanzada DMD\/DME"},"content":{"rendered":"<p><img decoding=\"async\" src=\"https:\/\/es.doublemedicalgp.com\/js\/htmledit\/kindeditor\/attached\/20241129\/20241129160110_95175.jpg\" \/><\/p>\n<p><img decoding=\"async\" src=\"https:\/\/es.doublemedicalgp.com\/js\/htmledit\/kindeditor\/attached\/20241129\/20241129160126_65805.jpg\" \/><\/p>\n<p><img decoding=\"async\" src=\"https:\/\/es.doublemedicalgp.com\/js\/htmledit\/kindeditor\/attached\/20241129\/20241129160142_32303.jpg\" \/><\/p>\n<p><img decoding=\"async\" src=\"https:\/\/es.doublemedicalgp.com\/js\/htmledit\/kindeditor\/attached\/20241129\/20241129160159_38432.jpg\" \/><\/p>\n","protected":false},"excerpt":{"rendered":"<p><strong>Indicaciones<\/strong>: El kit de cirug\u00eda avanzada DMD\/DME funciona con el sistema de implante DMD o DME.<\/p>\n<p><strong>El kit incluye<\/strong>:<\/p>\n<p>Controlador de implante<\/p>\n<p>Destornillador mec\u00e1nico de 20 mm<\/p>\n<p>Destornillador De M\u00e1quina 30mm<\/p>\n<p>Destornillador Manual<\/p>\n<p>Sonda de profundidad<\/p>\n<p>Llave dinamom\u00e9trica\u00a0II, \u00cf4,8\u00c370N<\/p>\n<p>Extensi\u00f3n de taladro<\/p>\n<p>Taladro de precisi\u00f3n I, \u00cf2.0\u00c334mm<\/p>\n<p>Taladro plano, \u00cf3,0 mm<\/p>\n<p>Taladro de precisi\u00f3n, \u00cf2.0\u00c334 mm<\/p>\n<p>Taladro l\u00edmite, \u00cf2,0\u00c36,5 mm<\/p>\n<p>Taladro l\u00edmite,\u00a0\u00cf2,0\u00d78,0 mm<\/p>\n<p>Taladro l\u00edmite,\u00a0\u00cf2,0\u00d79,5 mm<\/p>\n<p>Taladro l\u00edmite,\u00a0\u00cf2,0\u00d711,0 mm<\/p>\n<p>Taladro l\u00edmite,\u00a0\u00cf2,0\u00d712,5 mm<\/p>\n<p>Taladro l\u00edmite,\u00a0\u00cf2,0\u00d714,5 mm<\/p>\n<p>Taladro de roscado<\/p>\n<p>Punz\u00f3n de tejido blando<\/p>\n<p>Punch guiado de tejido blando<\/p>\n<p>Taladro de roscado<\/p>\n<p>Taladro cortical<\/p>\n<p>Destornillador de pilar de m\u00e1quina<\/p>\n<p>Caja de cirug\u00eda avanzada DMD\/DME<\/p>\n","protected":false},"featured_media":6969,"comment_status":"open","ping_status":"closed","template":"","meta":[],"product_brand":[],"product_cat":[86],"product_tag":[97],"class_list":{"0":"post-6968","1":"product","2":"type-product","3":"status-publish","4":"has-post-thumbnail","6":"product_cat-material-dental","7":"product_tag-instrumental-quirurgico","9":"first","10":"instock","11":"shipping-taxable","12":"product-type-simple"},"_links":{"self":[{"href":"https:\/\/yimamedical.com\/productos\/wp-json\/wp\/v2\/product\/6968","targetHints":{"allow":["GET"]}}],"collection":[{"href":"https:\/\/yimamedical.com\/productos\/wp-json\/wp\/v2\/product"}],"about":[{"href":"https:\/\/yimamedical.com\/productos\/wp-json\/wp\/v2\/types\/product"}],"replies":[{"embeddable":true,"href":"https:\/\/yimamedical.com\/productos\/wp-json\/wp\/v2\/comments?post=6968"}],"wp:featuredmedia":[{"embeddable":true,"href":"https:\/\/yimamedical.com\/productos\/wp-json\/wp\/v2\/media\/6969"}],"wp:attachment":[{"href":"https:\/\/yimamedical.com\/productos\/wp-json\/wp\/v2\/media?parent=6968"}],"wp:term":[{"taxonomy":"product_brand","embeddable":true,"href":"https:\/\/yimamedical.com\/productos\/wp-json\/wp\/v2\/product_brand?post=6968"},{"taxonomy":"product_cat","embeddable":true,"href":"https:\/\/yimamedical.com\/productos\/wp-json\/wp\/v2\/product_cat?post=6968"},{"taxonomy":"product_tag","embeddable":true,"href":"https:\/\/yimamedical.com\/productos\/wp-json\/wp\/v2\/product_tag?post=6968"}],"curies":[{"name":"wp","href":"https:\/\/api.w.org\/{rel}","templated":true}]}}