{"id":7056,"date":"2025-09-01T21:46:10","date_gmt":"2025-09-01T21:46:10","guid":{"rendered":"https:\/\/yimamedical.com\/productos\/?post_type=product&#038;p=7056"},"modified":"2025-09-04T21:45:20","modified_gmt":"2025-09-04T21:45:20","slug":"bandeja-abierta-para-cofia-de-impresion-regular-dmr","status":"publish","type":"product","link":"https:\/\/yimamedical.com\/productos\/product\/bandeja-abierta-para-cofia-de-impresion-regular-dmr\/","title":{"rendered":"Bandeja abierta para cofia de impresi\u00f3n regular DMR"},"content":{"rendered":"<p><img decoding=\"async\" src=\"https:\/\/es.doublemedicalgp.com\/js\/htmledit\/kindeditor\/attached\/20241209\/20241209161650_76975.jpg\" \/><\/p>\n","protected":false},"excerpt":{"rendered":"<p><strong>Material<\/strong>: aleaci\u00f3n de titanio<\/p>\n<p><strong>Especificaciones<\/strong>:<\/p>\n<p>Bandeja abierta para cofia de impresi\u00f3n regular DMR, \u00cf4,0\u00c311 mm<\/p>\n<p>Bandeja abierta para cofia de impresi\u00f3n regular DMR, \u00cf4,0\u00c314 mm<\/p>\n<p>Bandeja abierta para cofia de impresi\u00f3n regular DMR, \u00cf4,5\u00d711 mm<\/p>\n<p>Bandeja abierta para cofia de impresi\u00f3n regular DMR, \u00cf4,5\u00d714 mm<\/p>\n","protected":false},"featured_media":7057,"comment_status":"open","ping_status":"closed","template":"","meta":[],"product_brand":[],"product_cat":[86],"product_tag":[94],"class_list":{"0":"post-7056","1":"product","2":"type-product","3":"status-publish","4":"has-post-thumbnail","6":"product_cat-material-dental","7":"product_tag-dmr-implant-system","9":"first","10":"instock","11":"shipping-taxable","12":"product-type-simple"},"_links":{"self":[{"href":"https:\/\/yimamedical.com\/productos\/wp-json\/wp\/v2\/product\/7056","targetHints":{"allow":["GET"]}}],"collection":[{"href":"https:\/\/yimamedical.com\/productos\/wp-json\/wp\/v2\/product"}],"about":[{"href":"https:\/\/yimamedical.com\/productos\/wp-json\/wp\/v2\/types\/product"}],"replies":[{"embeddable":true,"href":"https:\/\/yimamedical.com\/productos\/wp-json\/wp\/v2\/comments?post=7056"}],"wp:featuredmedia":[{"embeddable":true,"href":"https:\/\/yimamedical.com\/productos\/wp-json\/wp\/v2\/media\/7057"}],"wp:attachment":[{"href":"https:\/\/yimamedical.com\/productos\/wp-json\/wp\/v2\/media?parent=7056"}],"wp:term":[{"taxonomy":"product_brand","embeddable":true,"href":"https:\/\/yimamedical.com\/productos\/wp-json\/wp\/v2\/product_brand?post=7056"},{"taxonomy":"product_cat","embeddable":true,"href":"https:\/\/yimamedical.com\/productos\/wp-json\/wp\/v2\/product_cat?post=7056"},{"taxonomy":"product_tag","embeddable":true,"href":"https:\/\/yimamedical.com\/productos\/wp-json\/wp\/v2\/product_tag?post=7056"}],"curies":[{"name":"wp","href":"https:\/\/api.w.org\/{rel}","templated":true}]}}