{"id":7085,"date":"2025-09-01T22:19:04","date_gmt":"2025-09-01T22:19:04","guid":{"rendered":"https:\/\/yimamedical.com\/productos\/?post_type=product&#038;p=7085"},"modified":"2025-09-04T21:11:37","modified_gmt":"2025-09-04T21:11:37","slug":"sistema-de-fijacion-ortognatica","status":"publish","type":"product","link":"https:\/\/yimamedical.com\/productos\/product\/sistema-de-fijacion-ortognatica\/","title":{"rendered":"Sistema de fijaci\u00f3n ortogn\u00e1tica"},"content":{"rendered":"<p><img decoding=\"async\" title=\"Orthognathic Fixation System\" src=\"https:\/\/es.doublemedicalgp.com\/js\/htmledit\/kindeditor\/attached\/20241108\/20241108115011_32166.jpg\" alt=\"Orthognathic Fixation System\" width=\"\" height=\"\" align=\"\" \/><\/p>\n<p><u><strong>Caracter\u00edsticas:<\/strong><\/u><\/p>\n<ul>\n<li>4 tipos de espesores 0,5\/0,7\/0,8\/1,0 mm<\/li>\n<li>Un di\u00e1metro de tornillo est\u00e1ndar para todos los ortogn\u00e1ticos.<\/li>\n<li>indicaciones en la parte media de la cara y la mand\u00edbula<\/li>\n<\/ul>\n","protected":false},"excerpt":{"rendered":"<p>El sistema de fijaci\u00f3n ortogn\u00e1tica tiene 4 tipos de espesores 0,5\/0,7\/0,8\/1,0 mm.<\/p>\n","protected":false},"featured_media":7086,"comment_status":"open","ping_status":"closed","template":"","meta":[],"product_brand":[],"product_cat":[85],"product_tag":[90],"class_list":{"0":"post-7085","1":"product","2":"type-product","3":"status-publish","4":"has-post-thumbnail","6":"product_cat-cmf","7":"product_tag-sistema-maxilofacial","9":"first","10":"instock","11":"shipping-taxable","12":"product-type-simple"},"_links":{"self":[{"href":"https:\/\/yimamedical.com\/productos\/wp-json\/wp\/v2\/product\/7085","targetHints":{"allow":["GET"]}}],"collection":[{"href":"https:\/\/yimamedical.com\/productos\/wp-json\/wp\/v2\/product"}],"about":[{"href":"https:\/\/yimamedical.com\/productos\/wp-json\/wp\/v2\/types\/product"}],"replies":[{"embeddable":true,"href":"https:\/\/yimamedical.com\/productos\/wp-json\/wp\/v2\/comments?post=7085"}],"wp:featuredmedia":[{"embeddable":true,"href":"https:\/\/yimamedical.com\/productos\/wp-json\/wp\/v2\/media\/7086"}],"wp:attachment":[{"href":"https:\/\/yimamedical.com\/productos\/wp-json\/wp\/v2\/media?parent=7085"}],"wp:term":[{"taxonomy":"product_brand","embeddable":true,"href":"https:\/\/yimamedical.com\/productos\/wp-json\/wp\/v2\/product_brand?post=7085"},{"taxonomy":"product_cat","embeddable":true,"href":"https:\/\/yimamedical.com\/productos\/wp-json\/wp\/v2\/product_cat?post=7085"},{"taxonomy":"product_tag","embeddable":true,"href":"https:\/\/yimamedical.com\/productos\/wp-json\/wp\/v2\/product_tag?post=7085"}],"curies":[{"name":"wp","href":"https:\/\/api.w.org\/{rel}","templated":true}]}}