{"id":7094,"date":"2025-09-01T22:25:31","date_gmt":"2025-09-01T22:25:31","guid":{"rendered":"https:\/\/yimamedical.com\/productos\/?post_type=product&#038;p=7094"},"modified":"2025-09-04T20:55:52","modified_gmt":"2025-09-04T20:55:52","slug":"sistema-de-fijacion-de-costillas","status":"publish","type":"product","link":"https:\/\/yimamedical.com\/productos\/product\/sistema-de-fijacion-de-costillas\/","title":{"rendered":"Sistema de fijaci\u00f3n de costillas"},"content":{"rendered":"<p><img decoding=\"async\" title=\"Rib Fixation System\" src=\"https:\/\/es.doublemedicalgp.com\/js\/htmledit\/kindeditor\/attached\/20241108\/20241108163618_86067.jpg\" alt=\"Rib Fixation System\" width=\"\" height=\"\" align=\"\" \/><\/p>\n<p><strong><u>Caracter\u00edsticas\u00ef\u00bc<\/u><\/strong><\/p>\n<ul>\n<li>Dise\u00f1o anat\u00f3mico, tiempo de operaci\u00f3n reducido.<\/li>\n<li>La placa de bloqueo proporciona una fijaci\u00f3n estable<\/li>\n<li>Perfil bajo de 1,5 mm.<\/li>\n<li>Diferentes opciones de agujeros sin necesidad de cortar<\/li>\n<li>Tornillo de bloqueo de costillas de 2,4 mm<\/li>\n<\/ul>\n<p><strong><u>Indicaciones:<\/u><\/strong><\/p>\n<ul>\n<li>Fracturas, fusiones, osteotom\u00edas y\/o resecciones de costillas, incluidos espacios y\/o defectos que abarcan<\/li>\n<li>Pectus Excavatum, Pectus Carinatum y otros t\u00f3rax<\/li>\n<\/ul>\n","protected":false},"excerpt":{"rendered":"<p>El sistema de fijaci\u00f3n costal incluye varios tama\u00f1os de placa de bloqueo costal anat\u00f3mica, placa de bloqueo costal recta, placa de bloqueo costal curva y tornillo de bloqueo costal de 2,4 mm.<\/p>\n","protected":false},"featured_media":7095,"comment_status":"open","ping_status":"closed","template":"","meta":[],"product_brand":[],"product_cat":[85],"product_tag":[89],"class_list":{"0":"post-7094","1":"product","2":"type-product","3":"status-publish","4":"has-post-thumbnail","6":"product_cat-cmf","7":"product_tag-sistema-de-torax","9":"first","10":"instock","11":"shipping-taxable","12":"product-type-simple"},"_links":{"self":[{"href":"https:\/\/yimamedical.com\/productos\/wp-json\/wp\/v2\/product\/7094","targetHints":{"allow":["GET"]}}],"collection":[{"href":"https:\/\/yimamedical.com\/productos\/wp-json\/wp\/v2\/product"}],"about":[{"href":"https:\/\/yimamedical.com\/productos\/wp-json\/wp\/v2\/types\/product"}],"replies":[{"embeddable":true,"href":"https:\/\/yimamedical.com\/productos\/wp-json\/wp\/v2\/comments?post=7094"}],"wp:featuredmedia":[{"embeddable":true,"href":"https:\/\/yimamedical.com\/productos\/wp-json\/wp\/v2\/media\/7095"}],"wp:attachment":[{"href":"https:\/\/yimamedical.com\/productos\/wp-json\/wp\/v2\/media?parent=7094"}],"wp:term":[{"taxonomy":"product_brand","embeddable":true,"href":"https:\/\/yimamedical.com\/productos\/wp-json\/wp\/v2\/product_brand?post=7094"},{"taxonomy":"product_cat","embeddable":true,"href":"https:\/\/yimamedical.com\/productos\/wp-json\/wp\/v2\/product_cat?post=7094"},{"taxonomy":"product_tag","embeddable":true,"href":"https:\/\/yimamedical.com\/productos\/wp-json\/wp\/v2\/product_tag?post=7094"}],"curies":[{"name":"wp","href":"https:\/\/api.w.org\/{rel}","templated":true}]}}